CRAN Package Check Results for Package clhs

Last updated on 2021-11-01 00:49:34 CET.

Flavor Version Tinstall Tcheck Ttotal Status Flags
r-devel-linux-x86_64-debian-clang 0.9.0 55.92 358.18 414.10 OK
r-devel-linux-x86_64-debian-gcc 0.9.0 45.59 264.26 309.85 OK
r-devel-linux-x86_64-fedora-clang 0.9.0 512.64 NOTE
r-devel-linux-x86_64-fedora-gcc 0.9.0 499.12 NOTE
r-devel-windows-x86_64 0.9.0 80.00 394.00 474.00 OK
r-devel-windows-x86_64-gcc10-UCRT 0.9.0 NOTE
r-patched-linux-x86_64 0.9.0 52.18 346.32 398.50 OK
r-patched-solaris-x86 0.9.0 524.40 NOTE
r-release-linux-x86_64 0.9.0 52.01 342.23 394.24 OK
r-release-macos-arm64 0.9.0 NOTE
r-release-macos-x86_64 0.9.0 NOTE
r-release-windows-ix86+x86_64 0.9.0 103.00 425.00 528.00 OK
r-oldrel-macos-x86_64 0.9.0 NOTE
r-oldrel-windows-ix86+x86_64 0.9.0 112.00 590.00 702.00 OK

Check Details

Version: 0.9.0
Check: dependencies in R code
Result: NOTE
    Namespace in Imports field not imported from: ‘sp’
     All declared Imports should be used.
Flavors: r-devel-linux-x86_64-fedora-clang, r-devel-linux-x86_64-fedora-gcc, r-devel-windows-x86_64-gcc10-UCRT, r-patched-solaris-x86, r-release-macos-arm64, r-release-macos-x86_64, r-oldrel-macos-x86_64