CRAN Package Check Results for Package cld3

Last updated on 2021-11-01 00:49:34 CET.

Flavor Version Tinstall Tcheck Ttotal Status Flags
r-devel-linux-x86_64-debian-clang 1.4.2 61.77 24.55 86.32 OK
r-devel-linux-x86_64-debian-gcc 1.4.2 45.61 19.66 65.27 OK
r-devel-linux-x86_64-fedora-clang 1.4.2 162.08 OK
r-devel-linux-x86_64-fedora-gcc 1.4.2 120.32 OK
r-devel-windows-x86_64 1.4.2 89.00 58.00 147.00 OK
r-devel-windows-x86_64-gcc10-UCRT 1.4.2 WARN
r-patched-linux-x86_64 1.4.2 55.79 24.11 79.90 OK
r-patched-solaris-x86 1.4.2 110.60 OK
r-release-linux-x86_64 1.4.2 56.69 24.48 81.17 OK
r-release-macos-arm64 1.4.2 NOTE
r-release-macos-x86_64 1.4.2 NOTE
r-release-windows-ix86+x86_64 1.4.2 131.00 55.00 186.00 OK
r-oldrel-macos-x86_64 1.4.2 NOTE
r-oldrel-windows-ix86+x86_64 1.4.2 121.00 75.00 196.00 OK

Additional issues

gcc-UBSAN

Check Details

Version: 1.4.2
Check: whether package can be installed
Result: WARN
    Found the following significant warnings:
     WARNING: failed to apply patch patches/CRAN/cld3.diff
Flavor: r-devel-windows-x86_64-gcc10-UCRT

Version: 1.4.2
Check: installed package size
Result: NOTE
     installed size is 11.7Mb
     sub-directories of 1Mb or more:
     libs 11.6Mb
Flavors: r-release-macos-arm64, r-release-macos-x86_64, r-oldrel-macos-x86_64