Last updated on 2021-11-01 00:49:34 CET.
Flavor | Version | Tinstall | Tcheck | Ttotal | Status | Flags |
---|---|---|---|---|---|---|
r-devel-linux-x86_64-debian-clang | 0.5.1 | 4.16 | 48.32 | 52.48 | NOTE | |
r-devel-linux-x86_64-debian-gcc | 0.5.1 | 2.83 | 36.19 | 39.02 | NOTE | |
r-devel-linux-x86_64-fedora-clang | 0.5.1 | 74.87 | NOTE | |||
r-devel-linux-x86_64-fedora-gcc | 0.5.1 | 61.11 | NOTE | |||
r-devel-windows-x86_64 | 0.5.1 | 8.00 | 67.00 | 75.00 | NOTE | |
r-devel-windows-x86_64-gcc10-UCRT | 0.5.1 | NOTE | ||||
r-patched-linux-x86_64 | 0.5.1 | 7.90 | 44.82 | 52.72 | NOTE | |
r-patched-solaris-x86 | 0.5.1 | 88.50 | NOTE | |||
r-release-linux-x86_64 | 0.5.1 | 4.21 | 45.09 | 49.30 | NOTE | |
r-release-macos-arm64 | 0.5.1 | NOTE | ||||
r-release-macos-x86_64 | 0.5.1 | NOTE | ||||
r-release-windows-ix86+x86_64 | 0.5.1 | 9.00 | 53.00 | 62.00 | NOTE | |
r-oldrel-macos-x86_64 | 0.5.1 | OK | ||||
r-oldrel-windows-ix86+x86_64 | 0.5.1 | 11.00 | 52.00 | 63.00 | OK |
Version: 0.5.1
Check: LazyData
Result: NOTE
'LazyData' is specified without a 'data' directory
Flavors: r-devel-linux-x86_64-debian-clang, r-devel-linux-x86_64-debian-gcc, r-devel-linux-x86_64-fedora-clang, r-devel-linux-x86_64-fedora-gcc, r-devel-windows-x86_64, r-devel-windows-x86_64-gcc10-UCRT, r-patched-linux-x86_64, r-patched-solaris-x86, r-release-linux-x86_64, r-release-macos-arm64, r-release-macos-x86_64, r-release-windows-ix86+x86_64