CRAN Package Check Results for Package chantrics

Last updated on 2021-11-01 00:49:34 CET.

Flavor Version Tinstall Tcheck Ttotal Status Flags
r-devel-linux-x86_64-debian-clang 1.0.0 3.43 119.61 123.04 OK
r-devel-linux-x86_64-debian-gcc 1.0.0 2.82 88.23 91.05 OK
r-devel-linux-x86_64-fedora-clang 1.0.0 165.80 NOTE
r-devel-linux-x86_64-fedora-gcc 1.0.0 157.79 NOTE
r-devel-windows-x86_64 1.0.0 7.00 155.00 162.00 OK
r-devel-windows-x86_64-gcc10-UCRT 1.0.0 NOTE
r-patched-linux-x86_64 1.0.0 3.53 115.27 118.80 OK
r-patched-solaris-x86 1.0.0 97.60 NOTE
r-release-linux-x86_64 1.0.0 3.38 123.69 127.07 OK
r-release-macos-arm64 1.0.0 NOTE
r-release-macos-x86_64 1.0.0 NOTE
r-release-windows-ix86+x86_64 1.0.0 7.00 121.00 128.00 OK
r-oldrel-macos-x86_64 1.0.0 NOTE
r-oldrel-windows-ix86+x86_64 1.0.0 6.00 125.00 131.00 OK

Check Details

Version: 1.0.0
Check: dependencies in R code
Result: NOTE
    Namespaces in Imports field not imported from:
     ‘AER’ ‘graphics’ ‘lmtest’
     All declared Imports should be used.
Flavors: r-devel-linux-x86_64-fedora-clang, r-devel-linux-x86_64-fedora-gcc, r-devel-windows-x86_64-gcc10-UCRT, r-patched-solaris-x86, r-release-macos-arm64, r-release-macos-x86_64, r-oldrel-macos-x86_64