CRAN Package Check Results for Package changepoint.np

Last updated on 2021-11-01 00:49:34 CET.

Flavor Version Tinstall Tcheck Ttotal Status Flags
r-devel-linux-x86_64-debian-clang 1.0.3 5.54 39.19 44.73 OK
r-devel-linux-x86_64-debian-gcc 1.0.3 4.86 30.64 35.50 OK
r-devel-linux-x86_64-fedora-clang 1.0.3 65.63 NOTE
r-devel-linux-x86_64-fedora-gcc 1.0.3 54.77 NOTE
r-devel-windows-x86_64 1.0.3 14.00 58.00 72.00 OK
r-devel-windows-x86_64-gcc10-UCRT 1.0.3 NOTE
r-patched-linux-x86_64 1.0.3 5.15 38.25 43.40 OK
r-patched-solaris-x86 1.0.3 80.50 NOTE
r-release-linux-x86_64 1.0.3 5.85 38.14 43.99 OK
r-release-macos-arm64 1.0.3 NOTE
r-release-macos-x86_64 1.0.3 NOTE
r-release-windows-ix86+x86_64 1.0.3 12.00 55.00 67.00 OK
r-oldrel-macos-x86_64 1.0.3 NOTE
r-oldrel-windows-ix86+x86_64 1.0.3 14.00 73.00 87.00 OK

Check Details

Version: 1.0.3
Check: dependencies in R code
Result: NOTE
    Namespace in Imports field not imported from: ‘Rdpack’
     All declared Imports should be used.
Flavors: r-devel-linux-x86_64-fedora-clang, r-devel-linux-x86_64-fedora-gcc, r-devel-windows-x86_64-gcc10-UCRT, r-patched-solaris-x86, r-release-macos-arm64, r-release-macos-x86_64, r-oldrel-macos-x86_64