CRAN Package Check Results for Package cg

Last updated on 2021-11-01 00:49:34 CET.

Flavor Version Tinstall Tcheck Ttotal Status Flags
r-devel-linux-x86_64-debian-clang 1.0-3 41.68 227.16 268.84 OK
r-devel-linux-x86_64-debian-gcc 1.0-3 35.82 184.70 220.52 OK
r-devel-linux-x86_64-fedora-clang 1.0-3 327.42 NOTE
r-devel-linux-x86_64-fedora-gcc 1.0-3 316.36 NOTE
r-devel-windows-x86_64 1.0-3 62.00 277.00 339.00 OK
r-devel-windows-x86_64-gcc10-UCRT 1.0-3 NOTE
r-patched-linux-x86_64 1.0-3 45.16 212.68 257.84 OK
r-patched-solaris-x86 1.0-3 403.00 NOTE
r-release-linux-x86_64 1.0-3 37.78 232.01 269.79 OK
r-release-macos-arm64 1.0-3 NOTE
r-release-macos-x86_64 1.0-3 NOTE
r-release-windows-ix86+x86_64 1.0-3 52.00 216.00 268.00 OK
r-oldrel-macos-x86_64 1.0-3 NOTE
r-oldrel-windows-ix86+x86_64 1.0-3 51.00 276.00 327.00 OK

Check Details

Version: 1.0-3
Check: dependencies in R code
Result: NOTE
    Namespace in Imports field not imported from: ‘grDevices’
     All declared Imports should be used.
Flavors: r-devel-linux-x86_64-fedora-clang, r-devel-linux-x86_64-fedora-gcc, r-devel-windows-x86_64-gcc10-UCRT, r-patched-solaris-x86, r-release-macos-arm64, r-release-macos-x86_64, r-oldrel-macos-x86_64