Last updated on 2021-11-01 00:49:34 CET.
Flavor | Version | Tinstall | Tcheck | Ttotal | Status | Flags |
---|---|---|---|---|---|---|
r-devel-linux-x86_64-debian-clang | 0.6.0 | 27.20 | 235.99 | 263.19 | NOTE | |
r-devel-linux-x86_64-debian-gcc | 0.6.0 | 22.41 | 173.62 | 196.03 | NOTE | |
r-devel-linux-x86_64-fedora-clang | 0.6.0 | 316.89 | NOTE | |||
r-devel-linux-x86_64-fedora-gcc | 0.6.0 | 311.71 | NOTE | |||
r-devel-windows-x86_64 | 0.6.0 | 40.00 | 246.00 | 286.00 | NOTE | |
r-devel-windows-x86_64-gcc10-UCRT | 0.6.0 | NOTE | ||||
r-patched-linux-x86_64 | 0.6.0 | 29.64 | 225.57 | 255.21 | NOTE | |
r-patched-solaris-x86 | 0.6.0 | 402.30 | NOTE | |||
r-release-linux-x86_64 | 0.6.0 | 24.75 | 224.74 | 249.49 | NOTE | |
r-release-macos-arm64 | 0.6.0 | NOTE | ||||
r-release-macos-x86_64 | 0.6.0 | NOTE | ||||
r-release-windows-ix86+x86_64 | 0.6.0 | 45.00 | 175.00 | 220.00 | NOTE | |
r-oldrel-macos-x86_64 | 0.6.0 | OK | ||||
r-oldrel-windows-ix86+x86_64 | 0.6.0 | 49.00 | 196.00 | 245.00 | OK |
Version: 0.6.0
Check: LazyData
Result: NOTE
'LazyData' is specified without a 'data' directory
Flavors: r-devel-linux-x86_64-debian-clang, r-devel-linux-x86_64-debian-gcc, r-devel-linux-x86_64-fedora-clang, r-devel-linux-x86_64-fedora-gcc, r-devel-windows-x86_64, r-devel-windows-x86_64-gcc10-UCRT, r-patched-linux-x86_64, r-patched-solaris-x86, r-release-linux-x86_64, r-release-macos-arm64, r-release-macos-x86_64, r-release-windows-ix86+x86_64