Last updated on 2021-11-01 00:49:33 CET.
Flavor | Version | Tinstall | Tcheck | Ttotal | Status | Flags |
---|---|---|---|---|---|---|
r-devel-linux-x86_64-debian-clang | 0.2-2 | 6.81 | 53.27 | 60.08 | NOTE | |
r-devel-linux-x86_64-debian-gcc | 0.2-2 | 4.90 | 40.36 | 45.26 | NOTE | |
r-devel-linux-x86_64-fedora-clang | 0.2-2 | 81.49 | NOTE | |||
r-devel-linux-x86_64-fedora-gcc | 0.2-2 | 75.07 | NOTE | |||
r-devel-windows-x86_64 | 0.2-2 | 9.00 | 75.00 | 84.00 | NOTE | |
r-devel-windows-x86_64-gcc10-UCRT | 0.2-2 | NOTE | ||||
r-patched-linux-x86_64 | 0.2-2 | 6.60 | 50.35 | 56.95 | NOTE | |
r-patched-solaris-x86 | 0.2-2 | 104.00 | NOTE | |||
r-release-linux-x86_64 | 0.2-2 | 6.42 | 49.51 | 55.93 | NOTE | |
r-release-macos-arm64 | 0.2-2 | NOTE | ||||
r-release-macos-x86_64 | 0.2-2 | NOTE | ||||
r-release-windows-ix86+x86_64 | 0.2-2 | 10.00 | 50.00 | 60.00 | NOTE | |
r-oldrel-macos-x86_64 | 0.2-2 | OK | ||||
r-oldrel-windows-ix86+x86_64 | 0.2-2 | 11.00 | 60.00 | 71.00 | OK |
Version: 0.2-2
Check: LazyData
Result: NOTE
'LazyData' is specified without a 'data' directory
Flavors: r-devel-linux-x86_64-debian-clang, r-devel-linux-x86_64-debian-gcc, r-devel-linux-x86_64-fedora-clang, r-devel-linux-x86_64-fedora-gcc, r-devel-windows-x86_64, r-devel-windows-x86_64-gcc10-UCRT, r-patched-linux-x86_64, r-patched-solaris-x86, r-release-linux-x86_64, r-release-macos-arm64, r-release-macos-x86_64, r-release-windows-ix86+x86_64