CRAN Package Check Results for Package cdcsis

Last updated on 2021-11-01 00:49:33 CET.

Flavor Version Tinstall Tcheck Ttotal Status Flags
r-devel-linux-x86_64-debian-clang 2.0.3 37.60 75.31 112.91 OK
r-devel-linux-x86_64-debian-gcc 2.0.3 28.78 59.42 88.20 OK
r-devel-linux-x86_64-fedora-clang 2.0.3 170.21 OK
r-devel-linux-x86_64-fedora-gcc 2.0.3 150.87 OK
r-devel-windows-x86_64 2.0.3 52.00 109.00 161.00 OK
r-devel-windows-x86_64-gcc10-UCRT 2.0.3 FAIL
r-patched-linux-x86_64 2.0.3 33.85 74.15 108.00 OK
r-patched-solaris-x86 2.0.3 184.50 OK
r-release-linux-x86_64 2.0.3 36.13 74.15 110.28 OK
r-release-macos-arm64 2.0.3 OK
r-release-macos-x86_64 2.0.3 OK
r-release-windows-ix86+x86_64 2.0.3 75.00 116.00 191.00 OK
r-oldrel-macos-x86_64 2.0.3 OK
r-oldrel-windows-ix86+x86_64 2.0.3 71.00 151.00 222.00 OK

Check Details

Version: 2.0.3
Check: PDF version of manual
Result: FAIL
Flavor: r-devel-windows-x86_64-gcc10-UCRT