CRAN Package Check Results for Package cccp

Last updated on 2021-11-01 00:49:33 CET.

Flavor Version Tinstall Tcheck Ttotal Status Flags
r-devel-linux-x86_64-debian-clang 0.2-7 236.42 61.21 297.63 OK
r-devel-linux-x86_64-debian-gcc 0.2-7 172.52 45.74 218.26 OK
r-devel-linux-x86_64-fedora-clang 0.2-7 470.50 NOTE
r-devel-linux-x86_64-fedora-gcc 0.2-7 411.62 OK
r-devel-windows-x86_64 0.2-7 266.00 93.00 359.00 OK
r-devel-windows-x86_64-gcc10-UCRT 0.2-7 OK
r-patched-linux-x86_64 0.2-7 203.67 59.22 262.89 OK
r-patched-solaris-x86 0.2-7 346.70 OK
r-release-linux-x86_64 0.2-7 197.14 59.31 256.45 OK
r-release-macos-arm64 0.2-7 NOTE
r-release-macos-x86_64 0.2-7 NOTE
r-release-windows-ix86+x86_64 0.2-7 380.00 107.00 487.00 OK
r-oldrel-macos-x86_64 0.2-7 NOTE
r-oldrel-windows-ix86+x86_64 0.2-7 393.00 126.00 519.00 OK

Check Details

Version: 0.2-7
Check: installed package size
Result: NOTE
     installed size is 18.0Mb
     sub-directories of 1Mb or more:
     libs 17.7Mb
Flavors: r-devel-linux-x86_64-fedora-clang, r-release-macos-arm64, r-release-macos-x86_64, r-oldrel-macos-x86_64