CRAN Package Check Results for Package cccd

Last updated on 2021-11-01 00:49:33 CET.

Flavor Version Tinstall Tcheck Ttotal Status Flags
r-devel-linux-x86_64-debian-clang 1.5 3.88 39.15 43.03 NOTE
r-devel-linux-x86_64-debian-gcc 1.5 3.04 30.03 33.07 NOTE
r-devel-linux-x86_64-fedora-clang 1.5 62.47 NOTE
r-devel-linux-x86_64-fedora-gcc 1.5 54.23 NOTE
r-devel-windows-x86_64 1.5 6.00 57.00 63.00 NOTE
r-devel-windows-x86_64-gcc10-UCRT 1.5 NOTE
r-patched-linux-x86_64 1.5 3.45 37.85 41.30 NOTE
r-patched-solaris-x86 1.5 77.80 NOTE
r-release-linux-x86_64 1.5 3.66 37.97 41.63 NOTE
r-release-macos-arm64 1.5 NOTE
r-release-macos-x86_64 1.5 NOTE
r-release-windows-ix86+x86_64 1.5 5.00 42.00 47.00 NOTE
r-oldrel-macos-x86_64 1.5 NOTE
r-oldrel-windows-ix86+x86_64 1.5 5.00 59.00 64.00 NOTE

Check Details

Version: 1.5
Check: R code for possible problems
Result: NOTE
    ccd.sequential: no visible global function definition for 'qchisq'
    dominate.random.sample: no visible global function definition for
     'runif'
    draw.circle: no visible global function definition for 'polygon'
    juggle2: no visible global function definition for 'rbinom'
    plot.cccd: no visible global function definition for 'gray'
    plot.cccd: no visible global function definition for 'points'
    plot.cccdClassifier: no visible global function definition for 'points'
    Undefined global functions or variables:
     gray points polygon qchisq rbinom runif
    Consider adding
     importFrom("grDevices", "gray")
     importFrom("graphics", "points", "polygon")
     importFrom("stats", "qchisq", "rbinom", "runif")
    to your NAMESPACE file.
Flavors: r-devel-linux-x86_64-debian-clang, r-devel-linux-x86_64-debian-gcc, r-devel-linux-x86_64-fedora-clang, r-devel-linux-x86_64-fedora-gcc, r-devel-windows-x86_64, r-devel-windows-x86_64-gcc10-UCRT, r-patched-linux-x86_64, r-patched-solaris-x86, r-release-linux-x86_64, r-release-macos-arm64, r-release-macos-x86_64, r-release-windows-ix86+x86_64, r-oldrel-macos-x86_64, r-oldrel-windows-ix86+x86_64