CRAN Package Check Results for Package causaloptim

Last updated on 2021-11-01 00:49:33 CET.

Flavor Version Tinstall Tcheck Ttotal Status Flags
r-devel-linux-x86_64-debian-clang 0.8.2 33.88 113.86 147.74 OK
r-devel-linux-x86_64-debian-gcc 0.8.2 23.90 84.24 108.14 OK
r-devel-linux-x86_64-fedora-clang 0.8.2 198.11 OK
r-devel-linux-x86_64-fedora-gcc 0.8.2 188.58 OK
r-devel-windows-x86_64 0.8.2 45.00 162.00 207.00 OK
r-devel-windows-x86_64-gcc10-UCRT 0.8.2 OK
r-patched-linux-x86_64 0.8.2 30.49 113.33 143.82 OK
r-patched-solaris-x86 0.8.2 178.50 OK
r-release-linux-x86_64 0.8.2 28.92 113.53 142.45 OK
r-release-macos-arm64 0.8.2 NOTE
r-release-macos-x86_64 0.8.2 NOTE
r-release-windows-ix86+x86_64 0.8.2 60.00 163.00 223.00 NOTE
r-oldrel-macos-x86_64 0.8.2 NOTE
r-oldrel-windows-ix86+x86_64 0.8.2 62.00 171.00 233.00 NOTE

Check Details

Version: 0.8.2
Check: installed package size
Result: NOTE
     installed size is 5.6Mb
     sub-directories of 1Mb or more:
     doc 1.9Mb
     libs 2.5Mb
Flavors: r-release-macos-arm64, r-release-macos-x86_64, r-release-windows-ix86+x86_64, r-oldrel-macos-x86_64, r-oldrel-windows-ix86+x86_64