Last updated on 2021-11-01 00:49:33 CET.
Flavor | Version | Tinstall | Tcheck | Ttotal | Status | Flags |
---|---|---|---|---|---|---|
r-devel-linux-x86_64-debian-clang | 0.0.1 | 10.10 | 106.27 | 116.37 | OK | |
r-devel-linux-x86_64-debian-gcc | 0.0.1 | 9.02 | 77.90 | 86.92 | OK | |
r-devel-linux-x86_64-fedora-clang | 0.0.1 | 149.91 | NOTE | |||
r-devel-linux-x86_64-fedora-gcc | 0.0.1 | 138.50 | NOTE | |||
r-devel-windows-x86_64 | 0.0.1 | 17.00 | 122.00 | 139.00 | OK | |
r-devel-windows-x86_64-gcc10-UCRT | 0.0.1 | NOTE | ||||
r-patched-linux-x86_64 | 0.0.1 | 10.75 | 98.71 | 109.46 | OK | |
r-patched-solaris-x86 | 0.0.1 | 192.70 | NOTE | |||
r-release-linux-x86_64 | 0.0.1 | 8.39 | 98.87 | 107.26 | OK | |
r-release-macos-arm64 | 0.0.1 | NOTE | ||||
r-release-macos-x86_64 | 0.0.1 | NOTE | ||||
r-release-windows-ix86+x86_64 | 0.0.1 | 16.00 | 90.00 | 106.00 | OK | |
r-oldrel-macos-x86_64 | 0.0.1 | NOTE | ||||
r-oldrel-windows-ix86+x86_64 | 0.0.1 | 18.00 | 127.00 | 145.00 | OK |
Version: 0.0.1
Check: dependencies in R code
Result: NOTE
Namespaces in Imports field not imported from:
‘CBPS’ ‘spelling’
All declared Imports should be used.
Flavors: r-devel-linux-x86_64-fedora-clang, r-devel-linux-x86_64-fedora-gcc, r-devel-windows-x86_64-gcc10-UCRT, r-patched-solaris-x86, r-release-macos-arm64, r-release-macos-x86_64, r-oldrel-macos-x86_64