Last updated on 2021-11-01 00:49:33 CET.
Flavor | Version | Tinstall | Tcheck | Ttotal | Status | Flags |
---|---|---|---|---|---|---|
r-devel-linux-x86_64-debian-clang | 0.0.5 | 17.75 | 217.28 | 235.03 | NOTE | |
r-devel-linux-x86_64-debian-gcc | 0.0.5 | 12.92 | 167.43 | 180.35 | NOTE | |
r-devel-linux-x86_64-fedora-clang | 0.0.5 | 307.30 | NOTE | |||
r-devel-linux-x86_64-fedora-gcc | 0.0.5 | 277.58 | NOTE | |||
r-devel-windows-x86_64 | 0.0.5 | 25.00 | 164.00 | 189.00 | NOTE | |
r-devel-windows-x86_64-gcc10-UCRT | 0.0.5 | NOTE | ||||
r-patched-linux-x86_64 | 0.0.5 | 16.19 | 197.85 | 214.04 | NOTE | |
r-patched-solaris-x86 | 0.0.5 | 428.20 | NOTE | |||
r-release-linux-x86_64 | 0.0.5 | 15.18 | 197.38 | 212.56 | NOTE | |
r-release-macos-arm64 | 0.0.5 | NOTE | ||||
r-release-macos-x86_64 | 0.0.5 | NOTE | ||||
r-release-windows-ix86+x86_64 | 0.0.5 | 31.00 | 208.00 | 239.00 | NOTE | |
r-oldrel-macos-x86_64 | 0.0.5 | OK | ||||
r-oldrel-windows-ix86+x86_64 | 0.0.5 | 31.00 | 224.00 | 255.00 | OK |
Version: 0.0.5
Check: LazyData
Result: NOTE
'LazyData' is specified without a 'data' directory
Flavors: r-devel-linux-x86_64-debian-clang, r-devel-linux-x86_64-debian-gcc, r-devel-linux-x86_64-fedora-clang, r-devel-linux-x86_64-fedora-gcc, r-devel-windows-x86_64, r-devel-windows-x86_64-gcc10-UCRT, r-patched-linux-x86_64, r-patched-solaris-x86, r-release-linux-x86_64, r-release-macos-arm64, r-release-macos-x86_64, r-release-windows-ix86+x86_64