Last updated on 2021-11-01 00:49:33 CET.
Flavor | Version | Tinstall | Tcheck | Ttotal | Status | Flags |
---|---|---|---|---|---|---|
r-devel-linux-x86_64-debian-clang | 0.1.4 | 11.64 | 94.91 | 106.55 | NOTE | |
r-devel-linux-x86_64-debian-gcc | 0.1.4 | 8.90 | 72.10 | 81.00 | NOTE | |
r-devel-linux-x86_64-fedora-clang | 0.1.4 | 147.22 | NOTE | |||
r-devel-linux-x86_64-fedora-gcc | 0.1.4 | 130.18 | NOTE | |||
r-devel-windows-x86_64 | 0.1.4 | 18.00 | 122.00 | 140.00 | NOTE | |
r-devel-windows-x86_64-gcc10-UCRT | 0.1.4 | NOTE | ||||
r-patched-linux-x86_64 | 0.1.4 | 11.18 | 89.72 | 100.90 | NOTE | |
r-patched-solaris-x86 | 0.1.4 | 183.70 | NOTE | |||
r-release-linux-x86_64 | 0.1.4 | 10.47 | 89.08 | 99.55 | NOTE | |
r-release-macos-arm64 | 0.1.4 | NOTE | ||||
r-release-macos-x86_64 | 0.1.4 | NOTE | ||||
r-release-windows-ix86+x86_64 | 0.1.4 | 21.00 | 92.00 | 113.00 | NOTE | |
r-oldrel-macos-x86_64 | 0.1.4 | NOTE | ||||
r-oldrel-windows-ix86+x86_64 | 0.1.4 | 18.00 | 98.00 | 116.00 | OK |
Version: 0.1.4
Check: LazyData
Result: NOTE
'LazyData' is specified without a 'data' directory
Flavors: r-devel-linux-x86_64-debian-clang, r-devel-linux-x86_64-debian-gcc, r-devel-linux-x86_64-fedora-clang, r-devel-linux-x86_64-fedora-gcc, r-devel-windows-x86_64, r-devel-windows-x86_64-gcc10-UCRT, r-patched-linux-x86_64, r-patched-solaris-x86, r-release-linux-x86_64, r-release-macos-arm64, r-release-macos-x86_64, r-release-windows-ix86+x86_64
Version: 0.1.4
Check: dependencies in R code
Result: NOTE
Namespaces in Imports field not imported from:
‘broom’ ‘epitools’
All declared Imports should be used.
Flavors: r-devel-linux-x86_64-fedora-clang, r-devel-linux-x86_64-fedora-gcc, r-devel-windows-x86_64-gcc10-UCRT, r-patched-solaris-x86, r-release-macos-arm64, r-release-macos-x86_64, r-oldrel-macos-x86_64