Last updated on 2021-11-01 00:49:33 CET.
Flavor | Version | Tinstall | Tcheck | Ttotal | Status | Flags |
---|---|---|---|---|---|---|
r-devel-linux-x86_64-debian-clang | 0.1.0 | 7.24 | 56.99 | 64.23 | NOTE | |
r-devel-linux-x86_64-debian-gcc | 0.1.0 | 5.96 | 42.58 | 48.54 | NOTE | |
r-devel-linux-x86_64-fedora-clang | 0.1.0 | 89.98 | NOTE | |||
r-devel-linux-x86_64-fedora-gcc | 0.1.0 | 77.24 | NOTE | |||
r-devel-windows-x86_64 | 0.1.0 | 11.00 | 83.00 | 94.00 | NOTE | |
r-devel-windows-x86_64-gcc10-UCRT | 0.1.0 | NOTE | ||||
r-patched-linux-x86_64 | 0.1.0 | 6.43 | 52.94 | 59.37 | NOTE | |
r-patched-solaris-x86 | 0.1.0 | 108.20 | NOTE | |||
r-release-linux-x86_64 | 0.1.0 | 6.64 | 53.76 | 60.40 | NOTE | |
r-release-macos-arm64 | 0.1.0 | NOTE | ||||
r-release-macos-x86_64 | 0.1.0 | NOTE | ||||
r-release-windows-ix86+x86_64 | 0.1.0 | 12.00 | 58.00 | 70.00 | NOTE | |
r-oldrel-macos-x86_64 | 0.1.0 | OK | ||||
r-oldrel-windows-ix86+x86_64 | 0.1.0 | 11.00 | 80.00 | 91.00 | OK |
Version: 0.1.0
Check: LazyData
Result: NOTE
'LazyData' is specified without a 'data' directory
Flavors: r-devel-linux-x86_64-debian-clang, r-devel-linux-x86_64-debian-gcc, r-devel-linux-x86_64-fedora-clang, r-devel-linux-x86_64-fedora-gcc, r-devel-windows-x86_64, r-devel-windows-x86_64-gcc10-UCRT, r-patched-linux-x86_64, r-patched-solaris-x86, r-release-linux-x86_64, r-release-macos-arm64, r-release-macos-x86_64, r-release-windows-ix86+x86_64