CRAN Package Check Results for Package cascadess

Last updated on 2021-11-01 00:49:33 CET.

Flavor Version Tinstall Tcheck Ttotal Status Flags
r-devel-linux-x86_64-debian-clang 0.1.0 3.42 37.67 41.09 NOTE
r-devel-linux-x86_64-debian-gcc 0.1.0 2.51 29.94 32.45 NOTE
r-devel-linux-x86_64-fedora-clang 0.1.0 63.26 NOTE
r-devel-linux-x86_64-fedora-gcc 0.1.0 49.84 NOTE
r-devel-windows-x86_64 0.1.0 7.00 61.00 68.00 NOTE
r-devel-windows-x86_64-gcc10-UCRT 0.1.0 NOTE
r-patched-linux-x86_64 0.1.0 3.84 37.11 40.95 NOTE
r-patched-solaris-x86 0.1.0 80.80 NOTE
r-release-linux-x86_64 0.1.0 3.23 37.18 40.41 NOTE
r-release-macos-arm64 0.1.0 NOTE
r-release-macos-x86_64 0.1.0 NOTE
r-release-windows-ix86+x86_64 0.1.0 8.00 47.00 55.00 NOTE
r-oldrel-macos-x86_64 0.1.0 OK
r-oldrel-windows-ix86+x86_64 0.1.0 7.00 56.00 63.00 OK

Check Details

Version: 0.1.0
Check: LazyData
Result: NOTE
     'LazyData' is specified without a 'data' directory
Flavors: r-devel-linux-x86_64-debian-clang, r-devel-linux-x86_64-debian-gcc, r-devel-linux-x86_64-fedora-clang, r-devel-linux-x86_64-fedora-gcc, r-devel-windows-x86_64, r-devel-windows-x86_64-gcc10-UCRT, r-patched-linux-x86_64, r-patched-solaris-x86, r-release-linux-x86_64, r-release-macos-arm64, r-release-macos-x86_64, r-release-windows-ix86+x86_64