Last updated on 2021-11-01 00:49:33 CET.
Flavor | Version | Tinstall | Tcheck | Ttotal | Status | Flags |
---|---|---|---|---|---|---|
r-devel-linux-x86_64-debian-clang | 2.0.2 | 85.25 | 79.32 | 164.57 | OK | |
r-devel-linux-x86_64-debian-gcc | 2.0.2 | 57.42 | 58.30 | 115.72 | OK | |
r-devel-linux-x86_64-fedora-clang | 2.0.2 | 234.93 | NOTE | |||
r-devel-linux-x86_64-fedora-gcc | 2.0.2 | 209.47 | OK | |||
r-devel-windows-x86_64 | 2.0.2 | 92.00 | 107.00 | 199.00 | OK | |
r-devel-windows-x86_64-gcc10-UCRT | 2.0.2 | OK | ||||
r-patched-linux-x86_64 | 2.0.2 | 71.47 | 74.16 | 145.63 | OK | |
r-patched-solaris-x86 | 2.0.2 | 208.30 | OK | |||
r-release-linux-x86_64 | 2.0.2 | 69.19 | 73.99 | 143.18 | OK | |
r-release-macos-arm64 | 2.0.2 | NOTE | ||||
r-release-macos-x86_64 | 2.0.2 | NOTE | ||||
r-release-windows-ix86+x86_64 | 2.0.2 | 121.00 | 108.00 | 229.00 | OK | |
r-oldrel-macos-x86_64 | 2.0.2 | NOTE | ||||
r-oldrel-windows-ix86+x86_64 | 2.0.2 | 132.00 | 138.00 | 270.00 | OK |
Version: 2.0.2
Check: installed package size
Result: NOTE
installed size is 8.8Mb
sub-directories of 1Mb or more:
libs 8.4Mb
Flavors: r-devel-linux-x86_64-fedora-clang, r-release-macos-arm64, r-release-macos-x86_64, r-oldrel-macos-x86_64