CRAN Package Check Results for Package cabinets

Last updated on 2021-11-01 00:49:33 CET.

Flavor Version Tinstall Tcheck Ttotal Status Flags
r-devel-linux-x86_64-debian-clang 0.6.0 3.40 23.69 27.09 NOTE
r-devel-linux-x86_64-debian-gcc 0.6.0 2.55 18.97 21.52 NOTE
r-devel-linux-x86_64-fedora-clang 0.6.0 45.25 NOTE
r-devel-linux-x86_64-fedora-gcc 0.6.0 35.28 NOTE
r-devel-windows-x86_64 0.6.0 8.00 39.00 47.00 NOTE
r-devel-windows-x86_64-gcc10-UCRT 0.6.0 NOTE
r-patched-linux-x86_64 0.6.0 2.71 23.30 26.01 NOTE
r-patched-solaris-x86 0.6.0 50.40 NOTE
r-release-linux-x86_64 0.6.0 3.33 23.10 26.43 NOTE
r-release-macos-arm64 0.6.0 NOTE
r-release-macos-x86_64 0.6.0 NOTE
r-release-windows-ix86+x86_64 0.6.0 5.00 28.00 33.00 NOTE
r-oldrel-macos-x86_64 0.6.0 OK
r-oldrel-windows-ix86+x86_64 0.6.0 4.00 40.00 44.00 OK

Check Details

Version: 0.6.0
Check: LazyData
Result: NOTE
     'LazyData' is specified without a 'data' directory
Flavors: r-devel-linux-x86_64-debian-clang, r-devel-linux-x86_64-debian-gcc, r-devel-linux-x86_64-fedora-clang, r-devel-linux-x86_64-fedora-gcc, r-devel-windows-x86_64, r-devel-windows-x86_64-gcc10-UCRT, r-patched-linux-x86_64, r-patched-solaris-x86, r-release-linux-x86_64, r-release-macos-arm64, r-release-macos-x86_64, r-release-windows-ix86+x86_64