CRAN Package Check Results for Package c3net

Last updated on 2021-11-01 00:49:33 CET.

Flavor Version Tinstall Tcheck Ttotal Status Flags
r-devel-linux-x86_64-debian-clang 1.1.1 2.71 53.65 56.36 NOTE
r-devel-linux-x86_64-debian-gcc 1.1.1 2.09 42.12 44.21 NOTE
r-devel-linux-x86_64-fedora-clang 1.1.1 79.89 NOTE
r-devel-linux-x86_64-fedora-gcc 1.1.1 67.61 NOTE
r-devel-windows-x86_64 1.1.1 4.00 97.00 101.00 NOTE
r-devel-windows-x86_64-gcc10-UCRT 1.1.1 NOTE
r-patched-linux-x86_64 1.1.1 3.04 51.86 54.90 NOTE
r-patched-solaris-x86 1.1.1 115.60 NOTE
r-release-linux-x86_64 1.1.1 2.72 51.39 54.11 NOTE
r-release-macos-arm64 1.1.1 NOTE
r-release-macos-x86_64 1.1.1 NOTE
r-release-windows-ix86+x86_64 1.1.1 4.00 73.00 77.00 NOTE
r-oldrel-macos-x86_64 1.1.1 NOTE
r-oldrel-windows-ix86+x86_64 1.1.1 4.00 98.00 102.00 NOTE

Check Details

Version: 1.1.1
Check: R code for possible problems
Result: NOTE
    makemim: no visible global function definition for 'cor'
    sigtestMTC: no visible global function definition for 'p.adjust'
    Undefined global functions or variables:
     cor p.adjust
    Consider adding
     importFrom("stats", "cor", "p.adjust")
    to your NAMESPACE file.
Flavors: r-devel-linux-x86_64-debian-clang, r-devel-linux-x86_64-debian-gcc, r-devel-linux-x86_64-fedora-clang, r-devel-linux-x86_64-fedora-gcc, r-devel-windows-x86_64, r-devel-windows-x86_64-gcc10-UCRT, r-patched-linux-x86_64, r-patched-solaris-x86, r-release-linux-x86_64, r-release-macos-arm64, r-release-macos-x86_64, r-release-windows-ix86+x86_64, r-oldrel-macos-x86_64, r-oldrel-windows-ix86+x86_64