Last updated on 2021-11-01 00:49:33 CET.
Flavor | Version | Tinstall | Tcheck | Ttotal | Status | Flags |
---|---|---|---|---|---|---|
r-devel-linux-x86_64-debian-clang | 1.4.0 | 8.22 | 287.95 | 296.17 | OK | |
r-devel-linux-x86_64-debian-gcc | 1.4.0 | 6.38 | 212.38 | 218.76 | OK | |
r-devel-linux-x86_64-fedora-clang | 1.4.0 | 377.35 | OK | |||
r-devel-linux-x86_64-fedora-gcc | 1.4.0 | 359.89 | OK | |||
r-devel-windows-x86_64 | 1.4.0 | 13.00 | 349.00 | 362.00 | OK | |
r-devel-windows-x86_64-gcc10-UCRT | 1.4.0 | OK | ||||
r-patched-linux-x86_64 | 1.4.0 | 7.76 | 273.73 | 281.49 | OK | |
r-patched-solaris-x86 | 1.4.0 | 427.60 | NOTE | |||
r-release-linux-x86_64 | 1.4.0 | 7.31 | 269.24 | 276.55 | OK | |
r-release-macos-arm64 | 1.4.0 | OK | ||||
r-release-macos-x86_64 | 1.4.0 | OK | ||||
r-release-windows-ix86+x86_64 | 1.4.0 | 11.00 | 255.00 | 266.00 | OK | |
r-oldrel-macos-x86_64 | 1.4.0 | OK | ||||
r-oldrel-windows-ix86+x86_64 | 1.4.0 | 12.00 | 321.00 | 333.00 | OK |
Version: 1.4.0
Check: package dependencies
Result: NOTE
Package suggested but not available for checking: ‘glmmTMB’
Flavor: r-patched-solaris-x86