CRAN Package Check Results for Package brlrmr

Last updated on 2021-11-01 00:49:33 CET.

Flavor Version Tinstall Tcheck Ttotal Status Flags
r-devel-linux-x86_64-debian-clang 0.1.7 3.31 26.12 29.43 OK
r-devel-linux-x86_64-debian-gcc 0.1.7 2.50 20.33 22.83 OK
r-devel-linux-x86_64-fedora-clang 0.1.7 46.21 NOTE
r-devel-linux-x86_64-fedora-gcc 0.1.7 36.68 NOTE
r-devel-windows-x86_64 0.1.7 5.00 43.00 48.00 OK
r-devel-windows-x86_64-gcc10-UCRT 0.1.7 NOTE
r-patched-linux-x86_64 0.1.7 2.71 25.62 28.33 OK
r-patched-solaris-x86 0.1.7 52.10 NOTE
r-release-linux-x86_64 0.1.7 2.94 25.16 28.10 OK
r-release-macos-arm64 0.1.7 NOTE
r-release-macos-x86_64 0.1.7 NOTE
r-release-windows-ix86+x86_64 0.1.7 5.00 33.00 38.00 OK
r-oldrel-macos-x86_64 0.1.7 NOTE
r-oldrel-windows-ix86+x86_64 0.1.7 5.00 41.00 46.00 OK

Check Details

Version: 0.1.7
Check: dependencies in R code
Result: NOTE
    Namespaces in Imports field not imported from:
     ‘Rcpp’ ‘profileModel’
     All declared Imports should be used.
Flavors: r-devel-linux-x86_64-fedora-clang, r-devel-linux-x86_64-fedora-gcc, r-devel-windows-x86_64-gcc10-UCRT, r-patched-solaris-x86, r-release-macos-arm64, r-release-macos-x86_64, r-oldrel-macos-x86_64