Last updated on 2021-11-01 00:49:33 CET.
Flavor | Version | Tinstall | Tcheck | Ttotal | Status | Flags |
---|---|---|---|---|---|---|
r-devel-linux-x86_64-debian-clang | 0.1.0 | 6.72 | 51.58 | 58.30 | OK | |
r-devel-linux-x86_64-debian-gcc | 0.1.0 | 5.67 | 38.84 | 44.51 | OK | |
r-devel-linux-x86_64-fedora-clang | 0.1.0 | 80.02 | NOTE | |||
r-devel-linux-x86_64-fedora-gcc | 0.1.0 | 67.01 | NOTE | |||
r-devel-windows-x86_64 | 0.1.0 | 12.00 | 73.00 | 85.00 | OK | |
r-devel-windows-x86_64-gcc10-UCRT | 0.1.0 | NOTE | ||||
r-patched-linux-x86_64 | 0.1.0 | 7.14 | 47.72 | 54.86 | OK | |
r-patched-solaris-x86 | 0.1.0 | 95.50 | NOTE | |||
r-release-linux-x86_64 | 0.1.0 | 6.41 | 47.51 | 53.92 | OK | |
r-release-macos-arm64 | 0.1.0 | NOTE | ||||
r-release-macos-x86_64 | 0.1.0 | NOTE | ||||
r-release-windows-ix86+x86_64 | 0.1.0 | 12.00 | 52.00 | 64.00 | OK | |
r-oldrel-macos-x86_64 | 0.1.0 | NOTE | ||||
r-oldrel-windows-ix86+x86_64 | 0.1.0 | 11.00 | 72.00 | 83.00 | OK |
Version: 0.1.0
Check: dependencies in R code
Result: NOTE
Namespace in Imports field not imported from: ‘kableExtra’
All declared Imports should be used.
Flavors: r-devel-linux-x86_64-fedora-clang, r-devel-linux-x86_64-fedora-gcc, r-devel-windows-x86_64-gcc10-UCRT, r-patched-solaris-x86, r-release-macos-arm64, r-release-macos-x86_64, r-oldrel-macos-x86_64