Last updated on 2021-11-01 00:49:33 CET.
Flavor | Version | Tinstall | Tcheck | Ttotal | Status | Flags |
---|---|---|---|---|---|---|
r-devel-linux-x86_64-debian-clang | 0.1.1 | 8.66 | 40.26 | 48.92 | OK | |
r-devel-linux-x86_64-debian-gcc | 0.1.1 | 8.28 | 30.82 | 39.10 | OK | |
r-devel-linux-x86_64-fedora-clang | 0.1.1 | 68.59 | NOTE | |||
r-devel-linux-x86_64-fedora-gcc | 0.1.1 | 58.77 | OK | |||
r-devel-windows-x86_64 | 0.1.1 | 14.00 | 61.00 | 75.00 | NOTE | |
r-devel-windows-x86_64-gcc10-UCRT | 0.1.1 | OK | ||||
r-patched-linux-x86_64 | 0.1.1 | 8.41 | 37.25 | 45.66 | OK | |
r-patched-solaris-x86 | 0.1.1 | 70.80 | NOTE | |||
r-release-linux-x86_64 | 0.1.1 | 7.69 | 38.44 | 46.13 | OK | |
r-release-macos-arm64 | 0.1.1 | NOTE | ||||
r-release-macos-x86_64 | 0.1.1 | NOTE | ||||
r-release-windows-ix86+x86_64 | 0.1.1 | 11.00 | 44.00 | 55.00 | NOTE | |
r-oldrel-macos-x86_64 | 0.1.1 | NOTE | ||||
r-oldrel-windows-ix86+x86_64 | 0.1.1 | 11.00 | 59.00 | 70.00 | NOTE |
Version: 0.1.1
Check: installed package size
Result: NOTE
installed size is 7.2Mb
sub-directories of 1Mb or more:
data 7.0Mb
Flavors: r-devel-linux-x86_64-fedora-clang, r-devel-windows-x86_64, r-patched-solaris-x86, r-release-macos-arm64, r-release-macos-x86_64, r-release-windows-ix86+x86_64, r-oldrel-macos-x86_64, r-oldrel-windows-ix86+x86_64