CRAN Package Check Results for Package blockcluster

Last updated on 2021-11-01 00:49:33 CET.

Flavor Version Tinstall Tcheck Ttotal Status Flags
r-devel-linux-x86_64-debian-clang 4.5.1 399.00 60.61 459.61 OK
r-devel-linux-x86_64-debian-gcc 4.5.1 343.82 47.19 391.01 OK
r-devel-linux-x86_64-fedora-clang 4.5.1 783.96 NOTE
r-devel-linux-x86_64-fedora-gcc 4.5.1 742.46 OK
r-devel-windows-x86_64 4.5.1 532.00 111.00 643.00 OK
r-devel-windows-x86_64-gcc10-UCRT 4.5.1 OK
r-patched-linux-x86_64 4.5.1 404.11 58.55 462.66 OK
r-patched-solaris-x86 4.5.1 632.70 ERROR
r-release-linux-x86_64 4.5.1 396.15 58.61 454.76 OK
r-release-macos-arm64 4.5.1 NOTE
r-release-macos-x86_64 4.5.1 NOTE
r-release-windows-ix86+x86_64 4.5.1 781.00 121.00 902.00 NOTE
r-oldrel-macos-x86_64 4.5.1 NOTE
r-oldrel-windows-ix86+x86_64 4.5.1 797.00 134.00 931.00 NOTE

Check Details

Version: 4.5.1
Check: installed package size
Result: NOTE
     installed size is 36.8Mb
     sub-directories of 1Mb or more:
     libs 35.5Mb
Flavors: r-devel-linux-x86_64-fedora-clang, r-release-macos-arm64, r-release-macos-x86_64, r-release-windows-ix86+x86_64, r-oldrel-macos-x86_64, r-oldrel-windows-ix86+x86_64

Version: 4.5.1
Check: examples
Result: ERROR
    Running examples in ‘blockcluster-Ex.R’ failed
    The error most likely occurred in:
    
    > ### Name: coclusterBinary
    > ### Title: Co-Clustering function for Binary data.
    > ### Aliases: coclusterBinary
    >
    > ### ** Examples
    >
    >
    > ## Simple example with simulated binary data
    > ## load data
    > data(binarydata)
    > ## usage of coclusterBinary function in its most simplest form
    > out<-coclusterBinary(binarydata,nbcocluster=c(2,3))
    *** recursive gc invocation
    *** recursive gc invocation
    *** recursive gc invocation
    *** recursive gc invocation
    *** recursive gc invocation
    *** recursive gc invocation
    *** recursive gc invocation
    *** recursive gc invocation
    *** recursive gc invocation
    *** recursive gc invocation
    *** recursive gc invocation
    *** recursive gc invocation
    *** recursive gc invocation
    *** recursive gc invocation
    *** recursive gc invocation
    *** recursive gc invocation
    *** recursive gc invocation
    *** recursive gc invocation
    *** recursive gc invocation
    *** recursive gc invocation
    *** recursive gc invocation
    *** recursive gc invocation
    *** recursive gc invocation
    *** recursive gc invocation
    *** recursive gc invocation
    *** recursive gc invocation
    *** recursive gc invocation
    *** recursive gc invocation
    *** recursive gc invocation
    *** recursive gc invocation
    *** recursive gc invocation
    *** recursive gc invocation
    *** recursive gc invocation
    *** recursive gc invocation
    *** recursive gc invocation
    *** recursive gc invocation
    *** recursive gc invocation
    *** recursive gc invocation
    *** recursive gc invocation
    *** recursive gc invocation
    *** recursive gc invocation
    *** recursive gc invocation
    *** recursive gc invocation
    *** recursive gc invocation
    *** recursive gc invocation
    *** recursive gc invocation
    *** recursive gc invocation
    *** recursive gc invocation
    *** recursive gc invocation
    *** recursive gc invocation
    *** recursive gc invocation
    *** recursive gc invocation
    *** recursive gc invocation
    *** recursive gc invocation
    *** recursive gc invocation
    *** recursive gc invocation
    *** recursive gc invocation
    *** recursive gc invocation
    *** recursive gc invocation
    *** recursive gc invocation
    *** recursive gc invocation
    *** recursive gc invocation
    *** recursive gc invocation
    *** recursive gc invocation
    *** recursive gc invocation
    *** recursive gc invocation
    *** recursive gc invocation
    *** recursive gc invocation
    *** recursive gc invocation
    *** recursive gc invocation
    *** recursive gc invocation
    *** recursive gc invocation
    *** recursive gc invocation
    *** recursive gc invocation
    *** recursive gc invocation
    *** recursive gc invocation
    *** recursive gc invocation
    *** recursive gc invocation
    *** recursive gc invocation
    *** recursive gc invocation
    *** recursive gc invocation
    *** recursive gc invocation
    *** recursive gc invocation
    *** recursive gc invocation
    *** recursive gc invocation
    *** recursive gc invocation
    *** recursive gc invocation
    *** recursive gc invocation
    *** recursive gc invocation
    *** recursive gc invocation
    *** recursive gc invocation
    *** recursive gc invocation
    *** recursive gc invocation
    *** recursive gc invocation
    *** recursive gc invocation
    *** recursive gc invocation
    *** recursive gc invocation
    *** recursive gc invocation
    *** recursive gc invocation
    *** recursive gc invocation
    *** recursive gc invocation
    *** recursive gc invocation
    *** recursive gc invocation
    *** recursive gc invocation
    *** recursive gc invocation
    *** recursive gc invocation
    *** recursive gc invocation
    *** recursive gc invocation
    *** recursive gc invocation
    *** recursive gc invocation
    *** recursive gc invocation
    *** recursive gc invocation
    *** recursive gc invocation
    *** recursive gc invocation
    *** recursive gc invocation
    *** recursive gc invocation
    *** recursive gc invocation
    *** recursive gc invocation
    *** recursive gc invocation
    *** recursive gc invocation
    *** recursive gc invocation
    *** recursive gc invocation
    *** recursive gc invocation
    *** recursive gc invocation
    *** recursive gc invocation
    *** recursive gc invocation
    *** recursive gc invocation
    *** recursive gc invocation
    *** recursive gc invocation
    *** recursive gc invocation
    *** recursive gc invocation
    *** recursive gc invocation
    *** recursive gc invocation
    *** recursive gc invocation
    *** recursive gc invocation
    *** recursive gc invocation
    *** recursive gc invocation
    *** recursive gc invocation
    *** recursive gc invocation
    *** recursive gc invocation
    *** recursive gc invocation
    *** recursive gc invocation
    *** recursive gc invocation
    *** recursive gc invocation
    *** recursive gc invocation
    *** recursive gc invocation
    *** recursive gc invocation
    *** recursive gc invocation
    *** recursive gc invocation
    *** recursive gc invocation
    *** recursive gc invocation
    *** recursive gc invocation
    *** recursive gc invocation
    *** recursive gc invocation
    *** recursive gc invocation
    *** recursive gc invocation
    *** recursive gc invocation
    *** recursive gc invocation
    *** recursive gc invocation
    *** recursive gc invocation
    *** recursive gc invocation
    *** recursive gc invocation
    *** recursive gc invocation
    *** recursive gc invocation
    *** recursive gc invocation
    *** recursive gc invocation
    *** recursive gc invocation
    *** recursive gc invocation
    *** recursive gc invocation
    *** recursive gc invocation
    *** recursive gc invocation
    *** recursive gc invocation
    *** recursive gc invocation
    *** recursive gc invocation
    *** recursive gc invocation
    *** recursive gc invocation
    *** recursive gc invocation
    *** recursive gc invocation
    *** recursive gc invocation
    *** recursive gc invocation
    *** recursive gc invocation
    *** recursive gc invocation
    *** recursive gc invocation
    *** recursive gc invocation
    *** recursive gc invocation
    *** recursive gc invocation
    *** recursive gc invocation
    *** recursive gc invocation
    *** recursive gc invocation
    *** recursive gc invocation
    *** recursive gc invocation
    *** recursive gc invocation
    *** recursive gc invocation
    *** recursive gc invocation
    *** recursive gc invocation
    *** recursive gc invocation
    *** recursive gc invocation
    *** recursive gc invocation
    *** recursive gc invocation
    *** recursive gc invocation
    *** recursive gc invocation
    *** recursive gc invocation
    *** recursive gc invocation
    *** recursive gc invocation
    *** recursive gc invocation
    *** recursive gc invocation
    *** recursive gc invocation
    *** recursive gc invocation
    *** recursive gc invocation
    *** recursive gc invocation
    *** recursive gc invocation
    *** recursive gc invocation
    *** recursive gc invocation
    *** recursive gc invocation
    *** recursive gc invocation
    *** recursive gc invocation
    *** recursive gc invocation
    *** recursive gc invocation
    *** recursive gc invocation
    *** recursive gc invocation
    *** recursive gc invocation
    *** recursive gc invocation
    *** recursive gc invocation
    *** recursive gc invocation
    *** recursive gc invocation
    *** recursive gc invocation
    *** recursive gc invocation
    *** recursive gc invocation
    *** recursive gc invocation
    *** recursive gc invocation
    *** recursive gc invocation
    *** recursive gc invocation
    *** recursive gc invocation
    *** recursive gc invocation
    *** recursive gc invocation
    *** recursive gc invocation
    *** recursive gc invocation
    *** recursive gc invocation
    *** recursive gc invocation
    *** recursive gc invocation
    *** recursive gc invocation
    *** recursive gc invocation
    *** recursive gc invocation
    *** recursive gc invocation
    *** recursive gc invocation
    *** recursive gc invocation
    *** recursive gc invocation
    *** recursive gc invocation
    *** recursive gc invocation
    *** recursive gc invocation
    *** recursive gc invocation
    *** recursive gc invocation
    *** recursive gc invocation
    *** recursive gc invocation
    *** recursive gc invocation
    *** recursive gc invocation
    *** recursive gc invocation
    *** recursive gc invocation
    *** recursive gc invocation
    *** recursive gc invocation
    *** recursive gc invocation
    *** recursive gc invocation
    *** recursive gc invocation
    *** recursive gc invocation
    *** recursive gc invocation
    *** recursive gc invocation
    *** recursive gc invocation
    *** recursive gc invocation
    *** recursive gc invocation
    *** recursive gc invocation
    *** recursive gc invocation
    *** recursive gc invocation
    *** recursive gc invocation
    *** recursive gc invocation
    *** recursive gc invocation
    *** recursive gc invocation
    *** recursive gc invocation
    *** recursive gc invocation
    *** recursive gc invocation
    *** recursive gc invocation
    *** recursive gc invocation
    *** recursive gc invocation
    *** recursive gc invocation
    *** recursive gc invocation
    *** recursive gc invocation
    *** recursive gc invocation
    *** recursive gc invocation
    *** recursive gc invocation
    *** recursive gc invocation
    *** recursive gc invocation
    *** recursive gc invocation
    *** recursive gc invocation
    *** recursive gc invocation
    *** recursive gc invocation
    *** recursive gc invocation
    *** recursive gc invocation
    *** recursive gc invocation
    *** recursive gc invocation
    *** recursive gc invocation
    *** recursive gc invocation
    *** recursive gc invocation
    *** recursive gc invocation
    *** recursive gc invocation
    *** recursive gc invocation
    *** recursive gc invocation
    *** recursive gc invocation
    *** recursive gc invocation
    *** recursive gc invocation
    *** recursive gc invocation
    *** recursive gc invocation
    *** recursive gc invocation
    *** recursive gc invocation
    *** recursive gc invocation
    *** recursive gc invocation
    *** recursive gc invocation
    *** recursive gc invocation
    *** recursive gc invocation
    *** recursive gc invocation
    *** recursive gc invocation
    *** recursive gc invocation
    *** recursive gc invocation
    *** recursive gc invocation
    *** recursive gc invocation
    *** recursive gc invocation
    *** recursive gc invocation
    *** recursive gc invocation
    *** recursive gc invocation
    *** recursive gc invocation
    *** recursive gc invocation
    *** recursive gc invocation
    *** recursive gc invocation
    *** recursive gc invocation
    *** recursive gc invocation
    *** recursive gc invocation
    *** recursive gc invocation
    *** recursive gc invocation
    *** recursive gc invocation
    *** recursive gc invocation
    *** recursive gc invocation
    *** recursive gc invocation
    *** recursive gc invocation
    *** recursive gc invocation
    *** recursive gc invocation
    *** recursive gc invocation
    *** recursive gc invocation
    *** recursive gc invocation
    *** recursive gc invocation
    *** recursive gc invocation
    *** recursive gc invocation
    *** recursive gc invocation
    *** recursive gc invocation
    *** recursive gc invocation
    *** recursive gc invocation
    *** recursive gc invocation
    *** recursive gc invocation
    *** recursive gc invocation
    *** recursive gc invocation
    *** recursive gc invocation
    *** recursive gc invocation
    *** recursive gc invocation
    *** recursive gc invocation
    *** recursive gc invocation
    *** recursive gc invocation
    *** recursive gc invocation
    *** recursive gc invocation
    *** recursive gc invocation
    *** recursive gc invocation
    *** recursive gc invocation
    *** recursive gc invocation
    *** recursive gc invocation
    *** recursive gc invocation
    *** recursive gc invocation
    *** recursive gc invocation
    *** recursive gc invocation
    *** recursive gc invocation
    *** recursive gc invocation
    *** recursive gc invocation
    *** recursive gc invocation
    *** recursive gc invocation
    *** recursive gc invocation
    *** recursive gc invocation
    *** recursive gc invocation
    *** recursive gc invocation
    *** recursive gc invocation
    *** recursive gc invocation
    *** recursive gc invocation
    *** recursive gc invocation
    *** recursive gc invocation
    *** recursive gc invocation
    *** recursive gc invocation
    *** recursive gc invocation
    *** recursive gc invocation
    *** recursive gc invocation
    *** recursive gc invocation
    *** recursive gc invocation
    *** recursive gc invocation
    *** recursive gc invocation
    *** recursive gc invocation
    *** recursive gc invocation
    *** recursive gc invocation
    *** recursive gc invocation
    *** recursive gc invocation
    *** recursive gc invocation
    *** recursive gc invocation
    *** recursive gc invocation
    *** recursive gc invocation
    *** recursive gc invocation
    *** recursive gc invocation
    *** recursive gc invocation
    *** recursive gc invocation
    *** recursive gc invocation
    *** recursive gc invocation
    *** recursive gc invocation
    *** recursive gc invocation
    *** recursive gc invocation
    *** recursive gc invocation
    *** recursive gc invocation
    *** recursive gc invocation
    *** recursive gc invocation
    *** recursive gc invocation
    *** recursive gc invocation
    *** recursive gc invocation
    *** recursive gc invocation
    *** recursive gc invocation
    *** recursive gc invocation
    *** recursive gc invocation
    *** recursive gc invocation
    *** recursive gc invocation
    *** recursive gc invocation
    *** recursive gc invocation
    *** recursive gc invocation
    *** recursive gc invocation
    *** recursive gc invocation
    *** recursive gc invocation
    *** recursive gc invocation
    *** recursive gc invocation
    *** recursive gc invocation
    *** recursive gc invocation
    *** recursive gc invocation
    *** recursive gc invocation
    *** recursive gc invocation
    *** recursive gc invocation
    *** recursive gc invocation
    *** recursive gc invocation
    *** recursive gc invocation
    *** recursive gc invocation
    *** recursive gc invocation
    *** recursive gc invocation
    *** recursive gc invocation
    *** recursive gc invocation
    *** recursive gc invocation
    *** recursive gc invocation
    *** recursive gc invocation
    *** recursive gc invocation
    *** recursive gc invocation
    *** recursive gc invocation
    *** recursive gc invocation
    *** recursive gc invocation
    *** recursive gc invocation
    *** recursive gc invocation
    *** recursive gc invocation
    *** recursive gc invocation
    *** recursive gc invocation
    *** recursive gc invocation
    *** recursive gc invocation
    *** recursive gc invocation
    *** recursive gc invocation
    *** recursive gc invocation
    *** recursive gc invocation
    *** recursive gc invocation
    *** recursive gc invocation
    *** recursive gc invocation
    *** recursive gc invocation
    *** recursive gc invocation
    *** recursive gc invocation
    *** recursive gc invocation
    *** recursive gc invocation
    *** recursive gc invocation
    *** recursive gc invocation
    *** recursive gc invocation
    *** recursive gc invocation
    *** recursive gc invocation
    *** recursive gc invocation
    *** recursive gc invocation
    *** recursive gc invocation
    *** recursive gc invocation
    *** recursive gc invocation
    *** recursive gc invocation
    *** recursive gc invocation
    *** recursive gc invocation
    *** recursive gc invocation
    *** recursive gc invocation
    *** recursive gc invocation
    *** recursive gc invocation
    *** recursive gc invocation
    *** recursive gc invocation
    *** recursive gc invocation
    *** recursive gc invocation
    *** recursive gc invocation
    *** recursive gc invocation
    *** recursive gc invocation
    *** recursive gc invocation
    *** recursive gc invocation
    *** recursive gc invocation
    *** recursive gc invocation
    *** recursive gc invocation
    *** recursive gc invocation
    *** recursive gc invocation
    *** recursive gc invocation
    *** recursive gc invocation
    *** recursive gc invocation
    *** recursive gc invocation
    *** recursive gc invocation
    *** recursive gc invocation
    *** recursive gc invocation
    *** recursive gc invocation
    *** recursive gc invocation
    *** recursive gc invocation
    *** recursive gc invocation
    *** recursive gc invocation
    *** recursive gc invocation
    *** recursive gc invocation
    *** recursive gc invocation
    *** recursive gc invocation
    *** recursive gc invocation
    *** recursive gc invocation
    *** recursive gc invocation
    *** recursive gc invocation
    *** recursive gc invocation
    *** recursive gc invocation
    *** recursive gc invocation
    *** recursive gc invocation
    *** recursive gc invocation
    *** recursive gc invocation
    *** recursive gc invocation
    *** recursive gc invocation
    *** recursive gc invocation
    *** recursive gc invocation
    *** recursive gc invocation
    *** recursive gc invocation
    *** recursive gc invocation
    *** recursive gc invocation
    *** recursive gc invocation
    *** recursive gc invocation
    *** recursive gc invocation
    *** recursive gc invocation
    *** recursive gc invocation
    *** recursive gc invocation
    *** recursive gc invocation
    *** recursive gc invocation
    *** recursive gc invocation
    *** recursive gc invocation
    *** recursive gc invocation
    *** recursive gc invocation
    *** recursive gc invocation
    *** recursive gc invocation
    *** recursive gc invocation
    *** recursive gc invocation
    *** recursive gc invocation
    *** recursive gc invocation
    *** recursive gc invocation
    *** recursive gc invocation
    *** recursive gc invocation
    *** recursive gc invocation
    *** recursive gc invocation
    *** recursive gc invocation
    *** recursive gc invocation
    *** recursive gc invocation
    *** recursive gc invocation
    *** recursive gc invocation
    *** recursive gc invocation
    *** recursive gc invocation
    *** recursive gc invocation
    *** recursive gc invocation
    *** recursive gc invocation
    *** recursive gc invocation
    *** recursive gc invocation
    *** recursive gc invocation
    *** recursive gc invocation
    *** recursive gc invocation
    *** recursive gc invocation
    *** recursive gc invocation
    *** recursive gc invocation
    *** recursive gc invocation
    *** recursive gc invocation
    *** recursive gc invocation
    *** recursive gc invocation
    *** recursive gc invocation
    *** recursive gc invocation
    *** recursive gc invocation
    *** recursive gc invocation
    *** recursive gc invocation
    *** recursive gc invocation
    *** recursive gc invocation
    *** recursive gc invocation
    Error in cat(inpobj@message, "\n") :
     R_Reprotect: only -12 protected items, can't reprotect index -17
    Calls: coclusterBinary -> cat
    Execution halted
Flavor: r-patched-solaris-x86