CRAN Package Check Results for Package blockForest

Last updated on 2021-11-01 00:49:33 CET.

Flavor Version Tinstall Tcheck Ttotal Status Flags
r-devel-linux-x86_64-debian-clang 0.2.4 100.73 102.71 203.44 OK
r-devel-linux-x86_64-debian-gcc 0.2.4 73.42 79.23 152.65 OK
r-devel-linux-x86_64-fedora-clang 0.2.4 298.36 NOTE
r-devel-linux-x86_64-fedora-gcc 0.2.4 256.89 OK
r-devel-windows-x86_64 0.2.4 124.00 130.00 254.00 OK
r-devel-windows-x86_64-gcc10-UCRT 0.2.4 OK
r-patched-linux-x86_64 0.2.4 95.93 99.88 195.81 OK
r-patched-solaris-x86 0.2.4 732.80 OK
r-release-linux-x86_64 0.2.4 88.46 99.18 187.64 OK
r-release-macos-arm64 0.2.4 NOTE
r-release-macos-x86_64 0.2.4 NOTE
r-release-windows-ix86+x86_64 0.2.4 169.00 130.00 299.00 OK
r-oldrel-macos-x86_64 0.2.4 NOTE
r-oldrel-windows-ix86+x86_64 0.2.4 169.00 183.00 352.00 OK

Check Details

Version: 0.2.4
Check: installed package size
Result: NOTE
     installed size is 5.9Mb
     sub-directories of 1Mb or more:
     libs 5.6Mb
Flavors: r-devel-linux-x86_64-fedora-clang, r-release-macos-arm64, r-release-macos-x86_64, r-oldrel-macos-x86_64