Last updated on 2021-11-01 00:49:33 CET.
Flavor | Version | Tinstall | Tcheck | Ttotal | Status | Flags |
---|---|---|---|---|---|---|
r-devel-linux-x86_64-debian-clang | 0.3-17 | 352.12 | 205.09 | 557.21 | NOTE | |
r-devel-linux-x86_64-debian-gcc | 0.3-17 | 217.26 | 176.46 | 393.72 | NOTE | |
r-devel-linux-x86_64-fedora-clang | 0.3-17 | 731.17 | NOTE | |||
r-devel-linux-x86_64-fedora-gcc | 0.3-17 | 644.70 | NOTE | |||
r-devel-windows-x86_64 | 0.3-17 | 303.00 | 251.00 | 554.00 | NOTE | |
r-devel-windows-x86_64-gcc10-UCRT | 0.3-17 | NOTE | ||||
r-patched-linux-x86_64 | 0.3-17 | 206.39 | 200.67 | 407.06 | NOTE | |
r-patched-solaris-x86 | 0.3-17 | 692.80 | NOTE | |||
r-release-linux-x86_64 | 0.3-17 | 236.50 | 224.68 | 461.18 | NOTE | |
r-release-macos-arm64 | 0.3-17 | NOTE | ||||
r-release-macos-x86_64 | 0.3-17 | NOTE | ||||
r-release-windows-ix86+x86_64 | 0.3-17 | 400.00 | 245.00 | 645.00 | NOTE | |
r-oldrel-macos-x86_64 | 0.3-17 | ERROR | ||||
r-oldrel-windows-ix86+x86_64 | 0.3-17 | 400.00 | 332.00 | 732.00 | NOTE |
Version: 0.3-17
Check: for GNU extensions in Makefiles
Result: NOTE
GNU make is a SystemRequirements.
Flavors: r-devel-linux-x86_64-debian-clang, r-devel-linux-x86_64-debian-gcc, r-devel-linux-x86_64-fedora-clang, r-devel-linux-x86_64-fedora-gcc, r-devel-windows-x86_64, r-devel-windows-x86_64-gcc10-UCRT, r-patched-linux-x86_64, r-patched-solaris-x86, r-release-linux-x86_64, r-release-macos-arm64, r-release-macos-x86_64, r-release-windows-ix86+x86_64, r-oldrel-windows-ix86+x86_64
Version: 0.3-17
Check: installed package size
Result: NOTE
installed size is 58.5Mb
sub-directories of 1Mb or more:
libs 56.4Mb
Flavors: r-devel-linux-x86_64-fedora-clang, r-release-macos-arm64, r-release-macos-x86_64, r-release-windows-ix86+x86_64, r-oldrel-windows-ix86+x86_64
Version: 0.3-17
Check: line endings in C/C++/Fortran sources/headers
Result: NOTE
Found the following sources/headers with CR or CRLF line endings:
src/stan_files/stanmarg.hpp
Some Unix compilers require LF line endings.
Flavor: r-devel-windows-x86_64-gcc10-UCRT
Version: 0.3-17
Check: package dependencies
Result: NOTE
Packages suggested but not available for checking: 'runjags', 'rjags'
Flavor: r-release-macos-arm64
Version: 0.3-17
Check: package dependencies
Result: ERROR
Package required and available but unsuitable version: ‘rstan’
See section ‘The DESCRIPTION file’ in the ‘Writing R Extensions’
manual.
Flavor: r-oldrel-macos-x86_64