CRAN Package Check Results for Package blaster

Last updated on 2021-11-01 00:49:33 CET.

Flavor Version Tinstall Tcheck Ttotal Status Flags
r-devel-linux-x86_64-debian-clang 1.0.4 49.52 24.80 74.32 OK
r-devel-linux-x86_64-debian-gcc 1.0.4 38.54 19.83 58.37 OK
r-devel-linux-x86_64-fedora-clang 1.0.4 141.91 NOTE
r-devel-linux-x86_64-fedora-gcc 1.0.4 114.58 OK
r-devel-windows-x86_64 1.0.4 50.00 45.00 95.00 OK
r-devel-windows-x86_64-gcc10-UCRT 1.0.4 OK
r-patched-linux-x86_64 1.0.4 45.31 23.95 69.26 OK
r-patched-solaris-x86 1.0.4 110.20 OK
r-release-linux-x86_64 1.0.4 46.31 23.78 70.09 OK
r-release-macos-arm64 1.0.4 NOTE
r-release-macos-x86_64 1.0.4 NOTE
r-release-windows-ix86+x86_64 1.0.3 100.00 57.00 157.00 OK
r-oldrel-macos-x86_64 1.0.4 NOTE
r-oldrel-windows-ix86+x86_64 1.0.4 93.00 60.00 153.00 OK

Check Details

Version: 1.0.4
Check: installed package size
Result: NOTE
     installed size is 5.8Mb
     sub-directories of 1Mb or more:
     libs 5.6Mb
Flavors: r-devel-linux-x86_64-fedora-clang, r-release-macos-arm64, r-release-macos-x86_64, r-oldrel-macos-x86_64