Last updated on 2021-11-01 00:49:33 CET.
Flavor | Version | Tinstall | Tcheck | Ttotal | Status | Flags |
---|---|---|---|---|---|---|
r-devel-linux-x86_64-debian-clang | 1.0.8 | 4.73 | 52.86 | 57.59 | OK | |
r-devel-linux-x86_64-debian-gcc | 1.0.8 | 4.09 | 40.74 | 44.83 | OK | |
r-devel-linux-x86_64-fedora-clang | 1.0.8 | 81.53 | NOTE | |||
r-devel-linux-x86_64-fedora-gcc | 1.0.8 | 69.27 | NOTE | |||
r-devel-windows-x86_64 | 1.0.8 | 12.00 | 109.00 | 121.00 | OK | |
r-devel-windows-x86_64-gcc10-UCRT | 1.0.8 | OK | ||||
r-patched-linux-x86_64 | 1.0.8 | 5.05 | 52.69 | 57.74 | OK | |
r-patched-solaris-x86 | 1.0.8 | 95.60 | NOTE | |||
r-release-linux-x86_64 | 1.0.8 | 5.25 | 52.45 | 57.70 | OK | |
r-release-macos-arm64 | 1.0.8 | OK | ||||
r-release-macos-x86_64 | 1.0.8 | OK | ||||
r-release-windows-ix86+x86_64 | 1.0.8 | 9.00 | 78.00 | 87.00 | OK | |
r-oldrel-macos-x86_64 | 1.0.8 | OK | ||||
r-oldrel-windows-ix86+x86_64 | 1.0.8 | 11.00 | 109.00 | 120.00 | OK |
Version: 1.0.8
Check: package dependencies
Result: NOTE
Package suggested but not available for checking: ‘RQuantLib’
Flavors: r-devel-linux-x86_64-fedora-clang, r-devel-linux-x86_64-fedora-gcc, r-patched-solaris-x86