CRAN Package Check Results for Package bite

Last updated on 2021-11-01 00:49:33 CET.

Flavor Version Tinstall Tcheck Ttotal Status Flags
r-devel-linux-x86_64-debian-clang 0.3 12.60 109.93 122.53 OK
r-devel-linux-x86_64-debian-gcc 0.3 10.83 83.82 94.65 OK
r-devel-linux-x86_64-fedora-clang 0.3 158.50 NOTE
r-devel-linux-x86_64-fedora-gcc 0.3 148.97 NOTE
r-devel-windows-x86_64 0.3 19.00 133.00 152.00 OK
r-devel-windows-x86_64-gcc10-UCRT 0.3 NOTE
r-patched-linux-x86_64 0.3 15.79 107.45 123.24 OK
r-patched-solaris-x86 0.3 205.20 NOTE
r-release-linux-x86_64 0.3 12.69 106.58 119.27 OK
r-release-macos-arm64 0.3 NOTE
r-release-macos-x86_64 0.3 NOTE
r-release-windows-ix86+x86_64 0.3 19.00 100.00 119.00 OK
r-oldrel-macos-x86_64 0.3 NOTE
r-oldrel-windows-ix86+x86_64 0.3 19.00 133.00 152.00 OK

Check Details

Version: 0.3
Check: dependencies in R code
Result: NOTE
    Namespace in Imports field not imported from: ‘MASS’
     All declared Imports should be used.
Flavors: r-devel-linux-x86_64-fedora-clang, r-devel-linux-x86_64-fedora-gcc, r-devel-windows-x86_64-gcc10-UCRT, r-patched-solaris-x86, r-release-macos-arm64, r-release-macos-x86_64, r-oldrel-macos-x86_64