CRAN Package Check Results for Package binst

Last updated on 2021-11-01 00:49:32 CET.

Flavor Version Tinstall Tcheck Ttotal Status Flags
r-devel-linux-x86_64-debian-clang 0.2.1 2.10 23.40 25.50 NOTE
r-devel-linux-x86_64-debian-gcc 0.2.1 1.70 18.87 20.57 NOTE
r-devel-linux-x86_64-fedora-clang 0.2.1 42.06 NOTE
r-devel-linux-x86_64-fedora-gcc 0.2.1 31.64 NOTE
r-devel-windows-x86_64 0.2.1 4.00 42.00 46.00 NOTE
r-devel-windows-x86_64-gcc10-UCRT 0.2.1 NOTE
r-patched-linux-x86_64 0.2.1 2.21 22.69 24.90 NOTE
r-patched-solaris-x86 0.2.1 50.70 NOTE
r-release-linux-x86_64 0.2.1 2.09 22.66 24.75 NOTE
r-release-macos-arm64 0.2.1 NOTE
r-release-macos-x86_64 0.2.1 NOTE
r-release-windows-ix86+x86_64 0.2.1 4.00 32.00 36.00 NOTE
r-oldrel-macos-x86_64 0.2.1 OK
r-oldrel-windows-ix86+x86_64 0.2.1 4.00 33.00 37.00 OK

Check Details

Version: 0.2.1
Check: LazyData
Result: NOTE
     'LazyData' is specified without a 'data' directory
Flavors: r-devel-linux-x86_64-debian-clang, r-devel-linux-x86_64-debian-gcc, r-devel-linux-x86_64-fedora-clang, r-devel-linux-x86_64-fedora-gcc, r-devel-windows-x86_64, r-devel-windows-x86_64-gcc10-UCRT, r-patched-linux-x86_64, r-patched-solaris-x86, r-release-linux-x86_64, r-release-macos-arm64, r-release-macos-x86_64, r-release-windows-ix86+x86_64