CRAN Package Check Results for Package binGroup2

Last updated on 2021-11-01 00:49:32 CET.

Flavor Version Tinstall Tcheck Ttotal Status Flags
r-devel-linux-x86_64-debian-clang 1.1.0 77.70 168.90 246.60 OK
r-devel-linux-x86_64-debian-gcc 1.1.0 61.38 119.32 180.70 OK
r-devel-linux-x86_64-fedora-clang 1.1.0 331.57 OK
r-devel-linux-x86_64-fedora-gcc 1.1.0 306.05 OK
r-devel-windows-x86_64 1.1.0 108.00 193.00 301.00 OK
r-devel-windows-x86_64-gcc10-UCRT 1.1.0 OK
r-patched-linux-x86_64 1.1.0 74.24 158.87 233.11 OK
r-patched-solaris-x86 1.1.0 320.30 OK
r-release-linux-x86_64 1.1.0 72.76 157.26 230.02 OK
r-release-macos-arm64 1.1.0 NOTE
r-release-macos-x86_64 1.1.0 OK
r-release-windows-ix86+x86_64 1.1.0 125.00 188.00 313.00 OK
r-oldrel-macos-x86_64 1.1.0 NOTE
r-oldrel-windows-ix86+x86_64 1.1.0 126.00 249.00 375.00 OK

Check Details

Version: 1.1.0
Check: installed package size
Result: NOTE
     installed size is 6.5Mb
     sub-directories of 1Mb or more:
     libs 5.5Mb
Flavors: r-release-macos-arm64, r-oldrel-macos-x86_64