CRAN Package Check Results for Package bcp

Last updated on 2021-11-01 00:49:32 CET.

Flavor Version Tinstall Tcheck Ttotal Status Flags
r-devel-linux-x86_64-debian-clang 4.0.3 97.31 42.08 139.39 OK
r-devel-linux-x86_64-debian-gcc 4.0.3 76.95 31.27 108.22 OK
r-devel-linux-x86_64-fedora-clang 4.0.3 226.64 NOTE
r-devel-linux-x86_64-fedora-gcc 4.0.3 197.42 OK
r-devel-windows-x86_64 4.0.3 126.00 74.00 200.00 OK
r-devel-windows-x86_64-gcc10-UCRT 4.0.3 OK
r-patched-linux-x86_64 4.0.3 91.19 40.05 131.24 OK
r-patched-solaris-x86 4.0.3 191.40 OK
r-release-linux-x86_64 4.0.3 90.60 39.52 130.12 OK
r-release-macos-arm64 4.0.3 NOTE
r-release-macos-x86_64 4.0.3 OK
r-release-windows-ix86+x86_64 4.0.3 188.00 80.00 268.00 OK
r-oldrel-macos-x86_64 4.0.3 NOTE
r-oldrel-windows-ix86+x86_64 4.0.3 180.00 98.00 278.00 OK

Check Details

Version: 4.0.3
Check: installed package size
Result: NOTE
     installed size is 5.4Mb
     sub-directories of 1Mb or more:
     libs 5.1Mb
Flavors: r-devel-linux-x86_64-fedora-clang, r-release-macos-arm64, r-oldrel-macos-x86_64