CRAN Package Check Results for Package bayesm

Last updated on 2021-11-01 00:49:32 CET.

Flavor Version Tinstall Tcheck Ttotal Status Flags
r-devel-linux-x86_64-debian-clang 3.1-4 583.76 447.41 1031.17 OK
r-devel-linux-x86_64-debian-gcc 3.1-4 443.61 306.95 750.56 OK
r-devel-linux-x86_64-fedora-clang 3.1-4 1548.70 NOTE
r-devel-linux-x86_64-fedora-gcc 3.1-4 1396.45 OK
r-devel-windows-x86_64 3.1-4 769.00 560.00 1329.00 NOTE
r-devel-windows-x86_64-gcc10-UCRT 3.1-4 OK
r-patched-linux-x86_64 3.1-4 529.98 425.53 955.51 OK
r-patched-solaris-x86 3.1-4 798.70 NOTE
r-release-linux-x86_64 3.1-4 526.25 420.09 946.34 OK
r-release-macos-arm64 3.1-4 NOTE
r-release-macos-x86_64 3.1-4 NOTE
r-release-windows-ix86+x86_64 3.1-4 1096.00 485.00 1581.00 NOTE
r-oldrel-macos-x86_64 3.1-4 NOTE
r-oldrel-windows-ix86+x86_64 3.1-4 1089.00 599.00 1688.00 NOTE

Check Details

Version: 3.1-4
Check: installed package size
Result: NOTE
     installed size is 28.9Mb
     sub-directories of 1Mb or more:
     doc 2.9Mb
     libs 24.5Mb
Flavors: r-devel-linux-x86_64-fedora-clang, r-devel-windows-x86_64, r-patched-solaris-x86, r-release-macos-arm64, r-release-macos-x86_64, r-release-windows-ix86+x86_64, r-oldrel-macos-x86_64, r-oldrel-windows-ix86+x86_64