CRAN Package Check Results for Package bayesloglin

Last updated on 2021-11-01 00:49:32 CET.

Flavor Version Tinstall Tcheck Ttotal Status Flags
r-devel-linux-x86_64-debian-clang 1.0.1 5.16 45.73 50.89 OK
r-devel-linux-x86_64-debian-gcc 1.0.1 3.54 35.87 39.41 OK
r-devel-linux-x86_64-fedora-clang 1.0.1 73.95 NOTE
r-devel-linux-x86_64-fedora-gcc 1.0.1 62.39 NOTE
r-devel-windows-x86_64 1.0.1 7.00 68.00 75.00 OK
r-devel-windows-x86_64-gcc10-UCRT 1.0.1 OK
r-patched-linux-x86_64 1.0.1 3.71 44.72 48.43 OK
r-patched-solaris-x86 1.0.1 86.10 OK
r-release-linux-x86_64 1.0.1 4.62 45.29 49.91 OK
r-release-macos-arm64 1.0.1 OK
r-release-macos-x86_64 1.0.1 OK
r-release-windows-ix86+x86_64 1.0.1 8.00 59.00 67.00 NOTE
r-oldrel-macos-x86_64 1.0.1 OK
r-oldrel-windows-ix86+x86_64 1.0.1 7.00 80.00 87.00 NOTE

Check Details

Version: 1.0.1
Check: compiled code
Result: NOTE
    File ‘bayesloglin/libs/bayesloglin.so’:
     Found no calls to: ‘R_registerRoutines’, ‘R_useDynamicSymbols’
    
    It is good practice to register native routines and to disable symbol
    search.
    
    See ‘Writing portable packages’ in the ‘Writing R Extensions’ manual.
Flavors: r-devel-linux-x86_64-fedora-clang, r-devel-linux-x86_64-fedora-gcc

Version: 1.0.1
Check: DESCRIPTION meta-information
Result: NOTE
    NeedsCompilation field should likely be 'yes'
Flavors: r-release-windows-ix86+x86_64, r-oldrel-windows-ix86+x86_64