CRAN Package Check Results for Package bayescopulareg

Last updated on 2021-11-01 00:49:32 CET.

Flavor Version Tinstall Tcheck Ttotal Status Flags
r-devel-linux-x86_64-debian-clang 0.1.3 208.12 28.24 236.36 OK
r-devel-linux-x86_64-debian-gcc 0.1.3 145.58 22.27 167.85 OK
r-devel-linux-x86_64-fedora-clang 0.1.3 372.46 NOTE
r-devel-linux-x86_64-fedora-gcc 0.1.3 317.03 OK
r-devel-windows-x86_64 0.1.3 261.00 61.00 322.00 OK
r-devel-windows-x86_64-gcc10-UCRT 0.1.3 OK
r-patched-linux-x86_64 0.1.3 170.70 27.41 198.11 OK
r-patched-solaris-x86 0.1.3 251.30 OK
r-release-linux-x86_64 0.1.3 179.53 27.45 206.98 OK
r-release-macos-arm64 0.1.3 NOTE
r-release-macos-x86_64 0.1.3 NOTE
r-release-windows-ix86+x86_64 0.1.3 389.00 58.00 447.00 OK
r-oldrel-macos-x86_64 0.1.3 NOTE
r-oldrel-windows-ix86+x86_64 0.1.3 368.00 73.00 441.00 OK

Check Details

Version: 0.1.3
Check: installed package size
Result: NOTE
     installed size is 5.8Mb
     sub-directories of 1Mb or more:
     libs 5.7Mb
Flavors: r-devel-linux-x86_64-fedora-clang, r-release-macos-arm64, r-release-macos-x86_64, r-oldrel-macos-x86_64