Last updated on 2021-11-01 00:49:32 CET.
Flavor | Version | Tinstall | Tcheck | Ttotal | Status | Flags |
---|---|---|---|---|---|---|
r-devel-linux-x86_64-debian-clang | 0.0.1.0 | 139.85 | 197.61 | 337.46 | NOTE | |
r-devel-linux-x86_64-debian-gcc | 0.0.1.0 | 120.45 | 150.69 | 271.14 | NOTE | |
r-devel-linux-x86_64-fedora-clang | 0.0.1.0 | 456.23 | NOTE | |||
r-devel-linux-x86_64-fedora-gcc | 0.0.1.0 | 475.53 | NOTE | |||
r-devel-windows-x86_64 | 0.0.1.0 | 169.00 | 300.00 | 469.00 | NOTE | |
r-devel-windows-x86_64-gcc10-UCRT | 0.0.1.0 | NOTE | ||||
r-patched-linux-x86_64 | 0.0.1.0 | 136.56 | 204.07 | 340.63 | NOTE | |
r-patched-solaris-x86 | 0.0.1.0 | 555.90 | NOTE | |||
r-release-linux-x86_64 | 0.0.1.0 | 128.95 | 204.41 | 333.36 | NOTE | |
r-release-macos-arm64 | 0.0.1.0 | NOTE | ||||
r-release-macos-x86_64 | 0.0.1.0 | NOTE | ||||
r-release-windows-ix86+x86_64 | 0.0.1.0 | 224.00 | 386.00 | 610.00 | NOTE | |
r-oldrel-macos-x86_64 | 0.0.1.0 | NOTE | ||||
r-oldrel-windows-ix86+x86_64 | 0.0.1.0 | 213.00 | 499.00 | 712.00 | NOTE |
Version: 0.0.1.0
Check: for GNU extensions in Makefiles
Result: NOTE
GNU make is a SystemRequirements.
Flavors: r-devel-linux-x86_64-debian-clang, r-devel-linux-x86_64-debian-gcc, r-devel-linux-x86_64-fedora-clang, r-devel-linux-x86_64-fedora-gcc, r-devel-windows-x86_64, r-devel-windows-x86_64-gcc10-UCRT, r-patched-linux-x86_64, r-patched-solaris-x86, r-release-linux-x86_64, r-release-macos-arm64, r-release-macos-x86_64, r-release-windows-ix86+x86_64, r-oldrel-macos-x86_64, r-oldrel-windows-ix86+x86_64
Version: 0.0.1.0
Check: installed package size
Result: NOTE
installed size is 31.6Mb
sub-directories of 1Mb or more:
libs 29.4Mb
Flavors: r-devel-linux-x86_64-fedora-clang, r-release-macos-arm64, r-release-macos-x86_64, r-release-windows-ix86+x86_64, r-oldrel-macos-x86_64, r-oldrel-windows-ix86+x86_64
Version: 0.0.1.0
Check: dependencies in R code
Result: NOTE
Namespaces in Imports field not imported from:
‘magrittr’ ‘rstantools’
All declared Imports should be used.
Flavors: r-devel-linux-x86_64-fedora-clang, r-devel-linux-x86_64-fedora-gcc, r-devel-windows-x86_64-gcc10-UCRT, r-patched-solaris-x86, r-release-macos-arm64, r-release-macos-x86_64, r-oldrel-macos-x86_64
Version: 0.0.1.0
Check: line endings in C/C++/Fortran sources/headers
Result: NOTE
Found the following sources/headers with CR or CRLF line endings:
src/RcppExports.cpp
Some Unix compilers require LF line endings.
Flavor: r-devel-windows-x86_64-gcc10-UCRT