CRAN Package Check Results for Package bayesboot

Last updated on 2021-11-01 00:49:32 CET.

Flavor Version Tinstall Tcheck Ttotal Status Flags
r-devel-linux-x86_64-debian-clang 0.2.2 2.40 31.67 34.07 NOTE
r-devel-linux-x86_64-debian-gcc 0.2.2 2.01 24.97 26.98 NOTE
r-devel-linux-x86_64-fedora-clang 0.2.2 52.44 NOTE
r-devel-linux-x86_64-fedora-gcc 0.2.2 41.93 NOTE
r-devel-windows-x86_64 0.2.2 5.00 53.00 58.00 NOTE
r-devel-windows-x86_64-gcc10-UCRT 0.2.2 NOTE
r-patched-linux-x86_64 0.2.2 3.97 30.97 34.94 NOTE
r-patched-solaris-x86 0.2.2 61.80 NOTE
r-release-linux-x86_64 0.2.2 2.30 30.71 33.01 NOTE
r-release-macos-arm64 0.2.2 NOTE
r-release-macos-x86_64 0.2.2 NOTE
r-release-windows-ix86+x86_64 0.2.2 4.00 38.00 42.00 NOTE
r-oldrel-macos-x86_64 0.2.2 OK
r-oldrel-windows-ix86+x86_64 0.2.2 4.00 52.00 56.00 OK

Check Details

Version: 0.2.2
Check: LazyData
Result: NOTE
     'LazyData' is specified without a 'data' directory
Flavors: r-devel-linux-x86_64-debian-clang, r-devel-linux-x86_64-debian-gcc, r-devel-linux-x86_64-fedora-clang, r-devel-linux-x86_64-fedora-gcc, r-devel-windows-x86_64, r-devel-windows-x86_64-gcc10-UCRT, r-patched-linux-x86_64, r-patched-solaris-x86, r-release-linux-x86_64, r-release-macos-arm64, r-release-macos-x86_64, r-release-windows-ix86+x86_64