Last updated on 2021-11-01 00:49:32 CET.
Flavor | Version | Tinstall | Tcheck | Ttotal | Status | Flags |
---|---|---|---|---|---|---|
r-devel-linux-x86_64-debian-clang | 0.13.2 | 158.34 | 34.47 | 192.81 | OK | |
r-devel-linux-x86_64-debian-gcc | 0.13.2 | 113.65 | 27.51 | 141.16 | OK | |
r-devel-linux-x86_64-fedora-clang | 0.13.2 | 218.92 | OK | |||
r-devel-linux-x86_64-fedora-gcc | 0.13.2 | 197.53 | OK | |||
r-devel-windows-x86_64 | 0.13.2 | 19.00 | 71.00 | 90.00 | OK | |
r-devel-windows-x86_64-gcc10-UCRT | 0.13.2 | OK | ||||
r-patched-linux-x86_64 | 0.13.2 | 156.59 | 34.18 | 190.77 | OK | |
r-release-linux-x86_64 | 0.13.2 | 159.37 | 34.11 | 193.48 | OK | |
r-release-macos-arm64 | 0.13.2 | ERROR | ||||
r-release-macos-x86_64 | 0.13.2 | ERROR | ||||
r-release-windows-ix86+x86_64 | 0.13.2 | 28.00 | 82.00 | 110.00 | OK | |
r-oldrel-macos-x86_64 | 0.13.2 | OK | ||||
r-oldrel-windows-ix86+x86_64 | 0.13.2 | 31.00 | 101.00 | 132.00 | OK |
Version: 0.13.2
Check: whether package can be installed
Result: ERROR
Installation failed.
Flavors: r-release-macos-arm64, r-release-macos-x86_64