CRAN Package Check Results for Package babynames

Last updated on 2021-11-01 00:49:32 CET.

Flavor Version Tinstall Tcheck Ttotal Status Flags
r-devel-linux-x86_64-debian-clang 1.0.1 37.32 47.36 84.68 OK
r-devel-linux-x86_64-debian-gcc 1.0.1 37.84 37.90 75.74 OK
r-devel-linux-x86_64-fedora-clang 1.0.1 128.58 NOTE
r-devel-linux-x86_64-fedora-gcc 1.0.1 113.83 OK
r-devel-windows-x86_64 1.0.1 56.00 68.00 124.00 NOTE
r-devel-windows-x86_64-gcc10-UCRT 1.0.1 OK
r-patched-linux-x86_64 1.0.1 37.86 45.19 83.05 OK
r-patched-solaris-x86 1.0.1 226.30 NOTE
r-release-linux-x86_64 1.0.1 38.82 45.73 84.55 OK
r-release-macos-arm64 1.0.1 NOTE
r-release-macos-x86_64 1.0.1 NOTE
r-release-windows-ix86+x86_64 1.0.1 45.00 53.00 98.00 NOTE
r-oldrel-macos-x86_64 1.0.1 NOTE
r-oldrel-windows-ix86+x86_64 1.0.1 43.00 68.00 111.00 NOTE

Check Details

Version: 1.0.1
Check: installed package size
Result: NOTE
     installed size is 5.4Mb
     sub-directories of 1Mb or more:
     data 5.3Mb
Flavors: r-devel-linux-x86_64-fedora-clang, r-devel-windows-x86_64, r-patched-solaris-x86, r-release-macos-arm64, r-release-macos-x86_64, r-release-windows-ix86+x86_64, r-oldrel-macos-x86_64, r-oldrel-windows-ix86+x86_64