CRAN Package Check Results for Package baRulho

Last updated on 2021-11-01 00:49:32 CET.

Flavor Version Tinstall Tcheck Ttotal Status Flags
r-devel-linux-x86_64-debian-clang 1.0.5 7.63 117.52 125.15 OK
r-devel-linux-x86_64-debian-gcc 1.0.5 7.13 88.00 95.13 OK
r-devel-linux-x86_64-fedora-clang 1.0.5 158.70 NOTE
r-devel-linux-x86_64-fedora-gcc 1.0.5 146.49 OK
r-devel-windows-x86_64 1.0.5 13.00 156.00 169.00 OK
r-devel-windows-x86_64-gcc10-UCRT 1.0.5 OK
r-patched-linux-x86_64 1.0.5 12.98 113.36 126.34 OK
r-patched-solaris-x86 1.0.5 142.20 OK
r-release-linux-x86_64 1.0.5 8.51 112.57 121.08 OK
r-release-macos-arm64 1.0.5 OK
r-release-macos-x86_64 1.0.5 OK
r-release-windows-ix86+x86_64 1.0.5 13.00 113.00 126.00 OK
r-oldrel-macos-x86_64 1.0.5 OK
r-oldrel-windows-ix86+x86_64 1.0.5 13.00 156.00 169.00 OK

Check Details

Version: 1.0.5
Check: Rd cross-references
Result: NOTE
    Undeclared package ‘Rraven’ in Rd xrefs
Flavor: r-devel-linux-x86_64-fedora-clang