CRAN Package Check Results for Package autohd

Last updated on 2021-11-01 00:49:32 CET.

Flavor Version Tinstall Tcheck Ttotal Status Flags
r-devel-linux-x86_64-debian-clang 0.1.0 16.16 127.41 143.57 OK
r-devel-linux-x86_64-debian-gcc 0.1.0 11.63 93.27 104.90 OK
r-devel-linux-x86_64-fedora-clang 0.1.0 189.26 NOTE
r-devel-linux-x86_64-fedora-gcc 0.1.0 174.73 NOTE
r-devel-windows-x86_64 0.1.0 25.00 151.00 176.00 OK
r-devel-windows-x86_64-gcc10-UCRT 0.1.0 NOTE
r-patched-linux-x86_64 0.1.0 14.93 121.18 136.11 OK
r-patched-solaris-x86 0.1.0 242.60 NOTE
r-release-linux-x86_64 0.1.0 16.00 119.09 135.09 OK
r-release-macos-arm64 0.1.0 NOTE
r-release-macos-x86_64 0.1.0 NOTE
r-release-windows-ix86+x86_64 0.1.0 27.00 108.00 135.00 OK
r-oldrel-macos-x86_64 0.1.0 NOTE
r-oldrel-windows-ix86+x86_64 0.1.0 24.00 153.00 177.00 OK

Check Details

Version: 0.1.0
Check: dependencies in R code
Result: NOTE
    Namespaces in Imports field not imported from:
     ‘Hmisc’ ‘broom’ ‘tibble’ ‘usethis’
     All declared Imports should be used.
Flavors: r-devel-linux-x86_64-fedora-clang, r-devel-linux-x86_64-fedora-gcc, r-devel-windows-x86_64-gcc10-UCRT, r-patched-solaris-x86, r-release-macos-arm64, r-release-macos-x86_64, r-oldrel-macos-x86_64