Last updated on 2021-11-01 00:49:32 CET.
Flavor | Version | Tinstall | Tcheck | Ttotal | Status | Flags |
---|---|---|---|---|---|---|
r-devel-linux-x86_64-debian-clang | 0.8.4 | 12.85 | 102.59 | 115.44 | NOTE | |
r-devel-linux-x86_64-debian-gcc | 0.8.4 | 9.53 | 78.91 | 88.44 | NOTE | |
r-devel-linux-x86_64-fedora-clang | 0.8.4 | 152.46 | NOTE | |||
r-devel-linux-x86_64-fedora-gcc | 0.8.4 | 141.08 | NOTE | |||
r-devel-windows-x86_64 | 0.8.4 | 17.00 | 153.00 | 170.00 | NOTE | |
r-devel-windows-x86_64-gcc10-UCRT | 0.8.4 | NOTE | ||||
r-patched-linux-x86_64 | 0.8.4 | 11.22 | 104.38 | 115.60 | NOTE | |
r-patched-solaris-x86 | 0.8.4 | 205.00 | NOTE | |||
r-release-linux-x86_64 | 0.8.4 | 10.66 | 103.85 | 114.51 | NOTE | |
r-release-macos-arm64 | 0.8.4 | NOTE | ||||
r-release-macos-x86_64 | 0.8.4 | NOTE | ||||
r-release-windows-ix86+x86_64 | 0.8.4 | 16.00 | 116.00 | 132.00 | NOTE | |
r-oldrel-macos-x86_64 | 0.8.4 | NOTE | ||||
r-oldrel-windows-ix86+x86_64 | 0.8.4 | 16.00 | 148.00 | 164.00 | NOTE |
Version: 0.8.4
Check: package dependencies
Result: NOTE
Package which this enhances but not available for checking: 'rPython'
Flavors: r-devel-linux-x86_64-debian-clang, r-devel-linux-x86_64-debian-gcc, r-devel-linux-x86_64-fedora-clang, r-devel-linux-x86_64-fedora-gcc, r-devel-windows-x86_64, r-devel-windows-x86_64-gcc10-UCRT, r-patched-linux-x86_64, r-patched-solaris-x86, r-release-linux-x86_64, r-release-macos-arm64, r-release-macos-x86_64, r-release-windows-ix86+x86_64, r-oldrel-macos-x86_64, r-oldrel-windows-ix86+x86_64
Version: 0.8.4
Check: LazyData
Result: NOTE
'LazyData' is specified without a 'data' directory
Flavors: r-devel-linux-x86_64-debian-clang, r-devel-linux-x86_64-debian-gcc, r-devel-linux-x86_64-fedora-clang, r-devel-linux-x86_64-fedora-gcc, r-devel-windows-x86_64, r-devel-windows-x86_64-gcc10-UCRT, r-patched-linux-x86_64, r-patched-solaris-x86, r-release-linux-x86_64, r-release-macos-arm64, r-release-macos-x86_64, r-release-windows-ix86+x86_64