CRAN Package Check Results for Package auditor

Last updated on 2021-11-01 00:49:32 CET.

Flavor Version Tinstall Tcheck Ttotal Status Flags
r-devel-linux-x86_64-debian-clang 1.3.3 9.79 222.59 232.38 OK
r-devel-linux-x86_64-debian-gcc 1.3.3 8.11 162.55 170.66 OK
r-devel-linux-x86_64-fedora-clang 1.3.3 277.86 NOTE
r-devel-linux-x86_64-fedora-gcc 1.3.3 266.17 OK
r-devel-windows-x86_64 1.3.3 16.00 324.00 340.00 OK
r-devel-windows-x86_64-gcc10-UCRT 1.3.3 OK
r-patched-linux-x86_64 1.3.3 9.95 212.98 222.93 OK
r-patched-solaris-x86 1.3.3 418.50 OK
r-release-linux-x86_64 1.3.3 10.31 214.53 224.84 OK
r-release-macos-arm64 1.3.3 OK
r-release-macos-x86_64 1.3.3 OK
r-release-windows-ix86+x86_64 1.3.3 15.00 240.00 255.00 OK
r-oldrel-macos-x86_64 1.3.3 OK
r-oldrel-windows-ix86+x86_64 1.3.3 17.00 309.00 326.00 OK

Check Details

Version: 1.3.3
Check: Rd cross-references
Result: NOTE
    Undeclared package ‘gtable’ in Rd xrefs
Flavor: r-devel-linux-x86_64-fedora-clang