Last updated on 2021-11-01 00:49:31 CET.
Flavor | Version | Tinstall | Tcheck | Ttotal | Status | Flags |
---|---|---|---|---|---|---|
r-devel-linux-x86_64-debian-clang | 1.1 | 2.24 | 19.65 | 21.89 | NOTE | |
r-devel-linux-x86_64-debian-gcc | 1.1 | 1.73 | 15.77 | 17.50 | NOTE | |
r-devel-linux-x86_64-fedora-clang | 1.1 | 39.07 | NOTE | |||
r-devel-linux-x86_64-fedora-gcc | 1.1 | 27.88 | NOTE | |||
r-devel-windows-x86_64 | 1.1 | 7.00 | 38.00 | 45.00 | NOTE | |
r-devel-windows-x86_64-gcc10-UCRT | 1.1 | NOTE | ||||
r-patched-linux-x86_64 | 1.1 | 2.40 | 19.26 | 21.66 | NOTE | |
r-patched-solaris-x86 | 1.1 | 45.30 | NOTE | |||
r-release-linux-x86_64 | 1.1 | 2.44 | 19.36 | 21.80 | NOTE | |
r-release-macos-arm64 | 1.1 | NOTE | ||||
r-release-macos-x86_64 | 1.1 | NOTE | ||||
r-release-windows-ix86+x86_64 | 1.1 | 10.00 | 36.00 | 46.00 | NOTE | |
r-oldrel-macos-x86_64 | 1.1 | OK | ||||
r-oldrel-windows-ix86+x86_64 | 1.1 | 9.00 | 44.00 | 53.00 | OK |
Version: 1.1
Check: LazyData
Result: NOTE
'LazyData' is specified without a 'data' directory
Flavors: r-devel-linux-x86_64-debian-clang, r-devel-linux-x86_64-debian-gcc, r-devel-linux-x86_64-fedora-clang, r-devel-linux-x86_64-fedora-gcc, r-devel-windows-x86_64, r-devel-windows-x86_64-gcc10-UCRT, r-patched-linux-x86_64, r-patched-solaris-x86, r-release-linux-x86_64, r-release-macos-arm64, r-release-macos-x86_64, r-release-windows-ix86+x86_64