Last updated on 2021-11-01 00:49:31 CET.
Flavor | Version | Tinstall | Tcheck | Ttotal | Status | Flags |
---|---|---|---|---|---|---|
r-devel-linux-x86_64-debian-clang | 0.2.2 | 35.26 | 33.79 | 69.05 | NOTE | |
r-devel-linux-x86_64-debian-gcc | 0.2.2 | 25.28 | 26.07 | 51.35 | NOTE | |
r-devel-linux-x86_64-fedora-clang | 0.2.2 | 122.20 | NOTE | |||
r-devel-linux-x86_64-fedora-gcc | 0.2.2 | 98.72 | NOTE | |||
r-devel-windows-x86_64 | 0.2.2 | 52.00 | 62.00 | 114.00 | NOTE | |
r-devel-windows-x86_64-gcc10-UCRT | 0.2.2 | NOTE | ||||
r-patched-linux-x86_64 | 0.2.2 | 33.84 | 32.72 | 66.56 | NOTE | |
r-patched-solaris-x86 | 0.2.2 | 99.90 | NOTE | |||
r-release-linux-x86_64 | 0.2.2 | 34.75 | 32.22 | 66.97 | NOTE | |
r-release-macos-arm64 | 0.2.2 | NOTE | ||||
r-release-macos-x86_64 | 0.2.2 | NOTE | ||||
r-release-windows-ix86+x86_64 | 0.2.2 | 70.00 | 59.00 | 129.00 | NOTE | |
r-oldrel-macos-x86_64 | 0.2.2 | OK | ||||
r-oldrel-windows-ix86+x86_64 | 0.2.2 | 70.00 | 81.00 | 151.00 | OK |
Version: 0.2.2
Check: package dependencies
Result: NOTE
Package suggested but not available for checking: 'tmg'
Flavors: r-devel-linux-x86_64-debian-clang, r-devel-linux-x86_64-debian-gcc, r-devel-linux-x86_64-fedora-clang, r-devel-linux-x86_64-fedora-gcc, r-devel-windows-x86_64-gcc10-UCRT, r-patched-linux-x86_64, r-patched-solaris-x86, r-release-linux-x86_64
Version: 0.2.2
Check: LazyData
Result: NOTE
'LazyData' is specified without a 'data' directory
Flavors: r-devel-linux-x86_64-debian-clang, r-devel-linux-x86_64-debian-gcc, r-devel-linux-x86_64-fedora-clang, r-devel-linux-x86_64-fedora-gcc, r-devel-windows-x86_64, r-devel-windows-x86_64-gcc10-UCRT, r-patched-linux-x86_64, r-patched-solaris-x86, r-release-linux-x86_64, r-release-macos-arm64, r-release-macos-x86_64, r-release-windows-ix86+x86_64