CRAN Package Check Results for Package alphavantager

Last updated on 2021-11-01 00:49:31 CET.

Flavor Version Tinstall Tcheck Ttotal Status Flags
r-devel-linux-x86_64-debian-clang 0.1.2 4.45 44.86 49.31 NOTE
r-devel-linux-x86_64-debian-gcc 0.1.2 3.34 33.93 37.27 NOTE
r-devel-linux-x86_64-fedora-clang 0.1.2 69.71 NOTE
r-devel-linux-x86_64-fedora-gcc 0.1.2 56.94 NOTE
r-devel-windows-x86_64 0.1.2 10.00 64.00 74.00 NOTE
r-devel-windows-x86_64-gcc10-UCRT 0.1.2 NOTE
r-patched-linux-x86_64 0.1.2 4.43 41.58 46.01 NOTE
r-patched-solaris-x86 0.1.2 84.80 NOTE
r-release-linux-x86_64 0.1.2 3.94 41.41 45.35 NOTE
r-release-macos-arm64 0.1.2 NOTE
r-release-macos-x86_64 0.1.2 NOTE
r-release-windows-ix86+x86_64 0.1.2 8.00 49.00 57.00 NOTE
r-oldrel-macos-x86_64 0.1.2 OK
r-oldrel-windows-ix86+x86_64 0.1.2 11.00 81.00 92.00 OK

Check Details

Version: 0.1.2
Check: LazyData
Result: NOTE
     'LazyData' is specified without a 'data' directory
Flavors: r-devel-linux-x86_64-debian-clang, r-devel-linux-x86_64-debian-gcc, r-devel-linux-x86_64-fedora-clang, r-devel-linux-x86_64-fedora-gcc, r-devel-windows-x86_64, r-devel-windows-x86_64-gcc10-UCRT, r-patched-linux-x86_64, r-patched-solaris-x86, r-release-linux-x86_64, r-release-macos-arm64, r-release-macos-x86_64, r-release-windows-ix86+x86_64