Last updated on 2021-11-01 00:49:31 CET.
Flavor | Version | Tinstall | Tcheck | Ttotal | Status | Flags |
---|---|---|---|---|---|---|
r-devel-linux-x86_64-debian-clang | 0.0.2 | 2.68 | 29.32 | 32.00 | NOTE | |
r-devel-linux-x86_64-debian-gcc | 0.0.2 | 2.25 | 22.95 | 25.20 | NOTE | |
r-devel-linux-x86_64-fedora-clang | 0.0.2 | 50.66 | NOTE | |||
r-devel-linux-x86_64-fedora-gcc | 0.0.2 | 41.92 | NOTE | |||
r-devel-windows-x86_64 | 0.0.2 | 5.00 | 59.00 | 64.00 | NOTE | |
r-devel-windows-x86_64-gcc10-UCRT | 0.0.2 | NOTE | ||||
r-patched-linux-x86_64 | 0.0.2 | 2.68 | 28.51 | 31.19 | NOTE | |
r-patched-solaris-x86 | 0.0.2 | 53.50 | NOTE | |||
r-release-linux-x86_64 | 0.0.2 | 2.74 | 28.56 | 31.30 | NOTE | |
r-release-macos-arm64 | 0.0.2 | NOTE | ||||
r-release-macos-x86_64 | 0.0.2 | NOTE | ||||
r-release-windows-ix86+x86_64 | 0.0.2 | 5.00 | 45.00 | 50.00 | NOTE | |
r-oldrel-macos-x86_64 | 0.0.2 | OK | ||||
r-oldrel-windows-ix86+x86_64 | 0.0.2 | 4.00 | 55.00 | 59.00 | OK |
Version: 0.0.2
Check: LazyData
Result: NOTE
'LazyData' is specified without a 'data' directory
Flavors: r-devel-linux-x86_64-debian-clang, r-devel-linux-x86_64-debian-gcc, r-devel-linux-x86_64-fedora-clang, r-devel-linux-x86_64-fedora-gcc, r-devel-windows-x86_64, r-devel-windows-x86_64-gcc10-UCRT, r-patched-linux-x86_64, r-patched-solaris-x86, r-release-linux-x86_64, r-release-macos-arm64, r-release-macos-x86_64, r-release-windows-ix86+x86_64