Last updated on 2021-11-01 00:49:31 CET.
Flavor | Version | Tinstall | Tcheck | Ttotal | Status | Flags |
---|---|---|---|---|---|---|
r-devel-linux-x86_64-debian-clang | 1.1.1 | 4.93 | 67.94 | 72.87 | OK | |
r-devel-linux-x86_64-debian-gcc | 1.1.1 | 4.16 | 51.24 | 55.40 | OK | |
r-devel-linux-x86_64-fedora-clang | 1.1.1 | 100.23 | OK | |||
r-devel-linux-x86_64-fedora-gcc | 1.1.1 | 84.66 | OK | |||
r-devel-windows-x86_64 | 1.1.1 | 9.00 | 96.00 | 105.00 | OK | |
r-devel-windows-x86_64-gcc10-UCRT | 1.1.1 | OK | ||||
r-patched-linux-x86_64 | 1.1.1 | 5.15 | 64.74 | 69.89 | OK | |
r-patched-solaris-x86 | 1.1.1 | 103.80 | OK | |||
r-release-linux-x86_64 | 1.1.1 | 5.28 | 64.84 | 70.12 | OK | |
r-release-macos-arm64 | 1.1.1 | NOTE | ||||
r-release-macos-x86_64 | 1.1.1 | OK | ||||
r-release-windows-ix86+x86_64 | 1.1.1 | 10.00 | 69.00 | 79.00 | OK | |
r-oldrel-macos-x86_64 | 1.1.1 | OK | ||||
r-oldrel-windows-ix86+x86_64 | 1.1.1 | 9.00 | 98.00 | 107.00 | OK |
Version: 1.1.1
Check: package dependencies
Result: NOTE
Package suggested but not available for checking: ‘rjags’
Flavor: r-release-macos-arm64