CRAN Package Check Results for Package acrt

Last updated on 2021-11-01 00:49:31 CET.

Flavor Version Tinstall Tcheck Ttotal Status Flags
r-devel-linux-x86_64-debian-clang 1.0.1 62.56 30.63 93.19 OK
r-devel-linux-x86_64-debian-gcc 1.0.1 44.74 25.31 70.05 OK
r-devel-linux-x86_64-fedora-clang 1.0.1 155.64 NOTE
r-devel-linux-x86_64-fedora-gcc 1.0.1 127.73 NOTE
r-devel-windows-x86_64 1.0.1 80.00 61.00 141.00 OK
r-devel-windows-x86_64-gcc10-UCRT 1.0.1 OK
r-patched-linux-x86_64 1.0.1 59.95 31.33 91.28 OK
r-patched-solaris-x86 1.0.1 128.00 OK
r-release-linux-x86_64 1.0.1 59.36 31.23 90.59 OK
r-release-macos-arm64 1.0.1 NOTE
r-release-macos-x86_64 1.0.1 NOTE
r-release-windows-ix86+x86_64 1.0.1 114.00 63.00 177.00 OK
r-oldrel-macos-x86_64 1.0.1 NOTE
r-oldrel-windows-ix86+x86_64 1.0.1 118.00 78.00 196.00 OK

Check Details

Version: 1.0.1
Check: installed package size
Result: NOTE
     installed size is 6.4Mb
     sub-directories of 1Mb or more:
     libs 6.2Mb
Flavors: r-devel-linux-x86_64-fedora-clang, r-release-macos-arm64, r-release-macos-x86_64, r-oldrel-macos-x86_64

Version: 1.0.1
Check: compiled code
Result: NOTE
    File ‘acrt/libs/acrt.so’:
     Found no calls to: ‘R_registerRoutines’, ‘R_useDynamicSymbols’
    
    It is good practice to register native routines and to disable symbol
    search.
    
    See ‘Writing portable packages’ in the ‘Writing R Extensions’ manual.
Flavors: r-devel-linux-x86_64-fedora-clang, r-devel-linux-x86_64-fedora-gcc